{"id":1919,"date":"2022-07-13T07:26:18","date_gmt":"2022-07-13T05:26:18","guid":{"rendered":"https:\/\/rewosport.pl\/?page_id=1919"},"modified":"2022-08-29T10:37:47","modified_gmt":"2022-08-29T08:37:47","slug":"2022-08-27-rybnik-nie-pompujesz-nie-jedziesz","status":"publish","type":"page","link":"https:\/\/rewosport.pl\/?page_id=1919","title":{"rendered":"2022.08.27 &#8211; Rybnik &#8211; Nie Pompujesz &#8211; Nie Jedziesz"},"content":{"rendered":"\n<p><\/p>\n\n\n\n<ul class=\"has-medium-font-size wp-block-list\"><li><a href=\"https:\/\/rewosport.pl\/wp-content\/uploads\/2022\/08\/2022.08.27.Pumptrack.Rybnik.wyniki.eliminacje.pdf\" target=\"_blank\" rel=\"noreferrer noopener\">Wyniki eliminacji (PDF)<\/a><\/li><\/ul>\n\n\n\n<ul class=\"has-medium-font-size wp-block-list\"><li><a href=\"https:\/\/rewosport.pl\/wp-content\/uploads\/2022\/08\/2022.08.27.Pumptrack.Rybnik.wyniki.kids_.pdf\" target=\"_blank\" rel=\"noreferrer noopener\">Wyniki fina\u0142owe kat. KIDS (PDF)<\/a> + <a href=\"https:\/\/rewosport.pl\/wp-content\/uploads\/2022\/08\/2022.08.27.Pumptrack.Rybnik.wyniki.kids_.plyaoff.pdf\" target=\"_blank\" rel=\"noreferrer noopener\">playoff (PDF)<\/a><\/li><li><a href=\"https:\/\/rewosport.pl\/wp-content\/uploads\/2022\/08\/2022.08.27.Pumptrack.Rybnik.wyniki.junior.pdf\" target=\"_blank\" rel=\"noreferrer noopener\">Wyniki fina\u0142owe kat. JUNIOR (PDF)<\/a> + <a href=\"https:\/\/rewosport.pl\/wp-content\/uploads\/2022\/08\/2022.08.27.Pumptrack.Rybnik.wyniki.junior.plyaoff.pdf\" target=\"_blank\" rel=\"noreferrer noopener\">playoff (PDF)<\/a><\/li><li><a href=\"https:\/\/rewosport.pl\/wp-content\/uploads\/2022\/08\/2022.08.27.Pumptrack.Rybnik.wyniki.amator.pdf\" target=\"_blank\" rel=\"noreferrer noopener\">Wyniki fina\u0142owe kat. AMATOR (PDF)<\/a> + <a href=\"https:\/\/rewosport.pl\/wp-content\/uploads\/2022\/08\/2022.08.27.Pumptrack.Rybnik.wyniki.amator.plyaoff.pdf\" target=\"_blank\" rel=\"noreferrer noopener\">playoff (PDF)<\/a><\/li><li><a href=\"https:\/\/rewosport.pl\/wp-content\/uploads\/2022\/08\/2022.08.27.Pumptrack.Rybnik.wyniki.kobiety.pdf\" target=\"_blank\" rel=\"noreferrer noopener\">Wyniki fina\u0142owe kat. KOBIETY (PDF)<\/a> + <a href=\"https:\/\/rewosport.pl\/wp-content\/uploads\/2022\/08\/2022.08.27.Pumptrack.Rybnik.wyniki.kobiety.plyaoff.pdf\" target=\"_blank\" rel=\"noreferrer noopener\">playoff (PDF)<\/a><\/li><li><a href=\"https:\/\/rewosport.pl\/wp-content\/uploads\/2022\/08\/2022.08.27.Pumptrack.Rybnik.wyniki.pro_.pdf\" target=\"_blank\" rel=\"noreferrer noopener\">Wyniki fina\u0142owe kat. PRO (PDF)<\/a> + <a href=\"https:\/\/rewosport.pl\/wp-content\/uploads\/2022\/08\/2022.08.27.Pumptrack.Rybnik.wyniki.pro_.plyaoff.pdf\" target=\"_blank\" rel=\"noreferrer noopener\">playoff (PDF)<\/a><\/li><\/ul>\n\n\n\n<p><strong><a href=\"#zapisy\">FORMULARZ ZAPIS\u00d3W<\/a><\/strong> &amp; <a href=\"#zapisani\"><strong>LISTA<\/strong><\/a><strong><a href=\"#zapisani\"> ZG\u0141OSZE\u0143 <\/a> <\/strong><\/p>\n\n\n\n<p><strong>Miejsce:<\/strong>&nbsp;Rybnik<br><strong>Dyscyplina:<\/strong>&nbsp;rowery \/ pumptrack<br><strong>Data:<\/strong>&nbsp;2022-08-27<br><strong>Organizator:<\/strong>&nbsp;Fundacja Sfera, Sfera Sportu,&nbsp;<a href=\"mailto:media@sferasportu.pl\">media@sferasportu.pl<\/a>, tel:&nbsp;<a href=\"tel:+48515181239\">+48 515 181 239<\/a>,<br><a href=\"https:\/\/sferasportu.pl\/\" target=\"_blank\" rel=\"noreferrer noopener\">https:\/\/sferasportu.pl<\/a><br><strong>Zapisy do:<\/strong>&nbsp;2022-08-25 20:00<br><strong><a href=\"https:\/\/rewosport.pl\/wp-content\/uploads\/2022\/07\/pumptrack_regulamin.pdf\" target=\"_blank\" rel=\"noreferrer noopener\">Regulamin<\/a><\/strong><\/p>\n\n\n\n<p>W skr\u00f3cie:<\/p>\n\n\n\n<ul class=\"wp-block-list\"><li>szczeg\u00f3\u0142y w regulaminie (w tym opis kategorii),<\/li><li>zawody bez op\u0142aty startowej,<\/li><li>rejestracja tylko internetowo (<strong>do 25.07.2022, godz. 20:00<\/strong>),<\/li><li>zgoda rodzica dla niepe\u0142noletnich \u2013&nbsp;<strong><a href=\"https:\/\/rewosport.pl\/wp-content\/uploads\/2022\/07\/pumptrack_zgoda.pdf\" target=\"_blank\" rel=\"noreferrer noopener\">druk do pobrania<\/a><\/strong>,<\/li><li>biuro zawod\u00f3w i treningi od 13:00 do 15:00, start zawod\u00f3w 15:10,<\/li><li>start tylko w kaskach typu FULL FACE (je\u017celi kto\u015b nie posiada tego typu kasku, otrzyma taki za darmo na czas swojego startu w biurze zawod\u00f3w od FOX Polska).<\/li><\/ul>\n\n\n\n<p><strong>PARTNERZY CYKLU NIE POMPUJESZ \u2013 NIE JEDZIESZ<\/strong><br>Red Bull \u2013 NS Bikes \u2013 FOX \u2013 43ride.com \u2013 Bike Park Kasina \u2013 Sound of Gravity<\/p>\n\n\n\n<p><strong>NIE POMPUJESZ \u2013 NIE JEDZIESZ<\/strong><br>Najwi\u0119kszy w Polsce cykl rowerowych zawod\u00f3w na pumptrakach, podczas kt\u00f3rych zawodnicy walcz\u0105 o tytu\u0142 najszybszego zawodnika i najszybszej zawodniczki w Polsce! W ka\u017cdej rundzie Zawodnicy walcz\u0105 o punkty do klasyfikacji generalnej (w ostatniej fina\u0142owej rundzie punkty do klasyfikacji generalnej mno\u017cymy razy dwa) na podstawie k\u00f3rych na koniec sezonu poznajemy najlepszych zawodnik\u00f3w w kategoriach: PRO, KOBIETY, AMATOR, JUNIOR, KIDS!<\/p>\n\n\n\n<p><strong>WALKA O WYJAZD NA MISTRZOSTWA \u015aWIATA<\/strong><br>Zawodnicy w kategorii PRO oraz KOBIETY walcz\u0105 o wyjazd na rund\u0119 eliminacyjn\u0105 Mistrzostw \u015awiata UCI, kt\u00f3ra odb\u0119dzie si\u0119 17 wrze\u015bnia w czeskich Tosovicach. Na wyjazd wraz z Red Bullem zaprosimy najlepszego zwyci\u0119zc\u0119 klasyfikacji ko\u0144cowej cyklu z kategorii PRO oraz KOBIETY!<\/p>\n\n\n\n<p><strong>OBOWI\u0104ZKOWY FULL FACE<\/strong><br>W zawodach obowi\u0105zuje obowi\u0105zek startu w kasku typy Full Face! Zawodnicy startuj\u0105cy w innych kaskach nie zostan\u0105 dopuszczeni do startu. Je\u017celi Zawodnik nie posiada kasku Full Face, mo\u017ce taki wypo\u017cyczy\u0107 ca\u0142kowicie za darmo na czas swojego wy\u015bcigu w biurze zawod\u00f3w! Kaski we wszystkich rozmiarach dla naszych zawodnik\u00f3w dostarcza FOX Polska.<\/p>\n\n\n\n<p><strong>ZAPISY TYLKO INTERNETOWO<\/strong><br>Odbywaj\u0105 si\u0119 tylko internetowo poprzez niniejsz\u0105 stron\u0119. W dniu zawod\u00f3w nie b\u0119dzie mo\u017cliwo\u015bci rejestracji do zawod\u00f3w.<br>Ka\u017cdy zarejestrowany zawodnik w dniu zawod\u00f3w musi potwierdzi\u0107 sw\u00f3j udzia\u0142 w biurze zawod\u00f3w w celu podpisania listy startowej oraz regulaminu i odbioru numeru startowego!<br>Osoby niepe\u0142noletnie w dni zawod\u00f3w musz\u0105 dostarczy\u0107 zgod\u0119 rodzica\/opiekun na start, kt\u00f3ra jest do pobrania z niniejszej strony.<\/p>\n\n\n\n<p><strong>SZCZEG\u00d3\u0141Y, HARMONOGRAM ZAWOD\u00d3W I MATERIA\u0141Y Z RUND NA SOCIAL MEDIA:<\/strong><br><a href=\"https:\/\/www.facebook.com\/pompuje\/\" target=\"_blank\" rel=\"noreferrer noopener\">FACEBOOK.com\/Pompuje<\/a><br><a href=\"https:\/\/www.instagram.com\/Pompuje_pumptrack\/\" target=\"_blank\" rel=\"noreferrer noopener\">INSTAGRAM.com\/Pompuje_pumptrack<\/a><br>Grupa FACEBOOK: https:\/\/www.facebook.com\/groups\/pompuje<br>YOU TUBE:&nbsp;<a href=\"https:\/\/www.youtube.com\/watch?v=sm5X4HHtTGM\" target=\"_blank\" rel=\"noreferrer noopener\">https:\/\/youtu.be\/sm5X4HHtTGM<\/a><br>WEB:&nbsp;<a href=\"http:\/\/www.sferasportu.pl\/\" target=\"_blank\" rel=\"noreferrer noopener\">www.sferasportu.pl<\/a><\/p>\n\n\n\n<p><strong>Kategorie:<\/strong><\/p>\n\n\n\n<ul class=\"wp-block-list\"><li>Pro (pumptrack)<\/li><li>Amator (pumptrack)<\/li><li>Kids (pumptrack) (2014 \u2013 2018)<\/li><li>Junior (pumptrack) (2010 \u2013 2013)<\/li><li>Kobiety (pumptrack)<\/li><\/ul>\n\n\n\n<p><strong>Limit zawodnik\u00f3w:<\/strong>&nbsp;100<\/p>\n\n\n\n<p id=\"zapisy\"><strong>Zapisy<\/strong> <\/p>\n\n\n\n<iframe loading=\"lazy\" width=\"100%\" height=\"1800\" src=\"https:\/\/www.webscorer.com\/register?raceid=282932&amp;embed=1&amp;lang=pl\"><\/iframe>\n\n\n\n<p id=\"zapisani\"><strong>Lista zapisanych<\/strong><\/p>\n\n\n\n<iframe loading=\"lazy\" width=\"100%\" height=\"1800\" src=\"https:\/\/www.webscorer.com\/registerlist?raceid=282932&amp;embed=1&amp;lang=pl\"><\/iframe>\n","protected":false},"excerpt":{"rendered":"<p>Wyniki eliminacji (PDF) Wyniki fina\u0142owe kat. KIDS (PDF) + playoff (PDF) Wyniki fina\u0142owe kat. JUNIOR (PDF) + playoff (PDF) Wyniki fina\u0142owe kat. AMATOR (PDF) + playoff (PDF) Wyniki fina\u0142owe kat. KOBIETY (PDF) + playoff (PDF) Wyniki fina\u0142owe kat. PRO (PDF) + playoff (PDF) FORMULARZ ZAPIS\u00d3W &amp; LISTA ZG\u0141OSZE\u0143 Miejsce:&nbsp;RybnikDyscyplina:&nbsp;rowery \/ pumptrackData:&nbsp;2022-08-27Organizator:&nbsp;Fundacja Sfera, Sfera Sportu,&nbsp;media@sferasportu.pl, tel:&nbsp;+48&hellip; <br \/> <a class=\"read-more\" href=\"https:\/\/rewosport.pl\/?page_id=1919\">Dowiedz si\u0119 wi\u0119cej<\/a><\/p>\n","protected":false},"author":1,"featured_media":1884,"parent":0,"menu_order":0,"comment_status":"closed","ping_status":"closed","template":"","meta":{"footnotes":""},"class_list":["post-1919","page","type-page","status-publish","has-post-thumbnail","hentry"],"yoast_head":"<!-- This site is optimized with the Yoast SEO plugin v27.4 - https:\/\/yoast.com\/product\/yoast-seo-wordpress\/ -->\n<title>2022.08.27 - Rybnik - Nie Pompujesz - Nie Jedziesz - pomiar czasu - chipy, fotokom\u00f3rki - zawody sportowe, obozy sportowe<\/title>\n<meta name=\"robots\" content=\"index, follow, max-snippet:-1, max-image-preview:large, max-video-preview:-1\" \/>\n<link rel=\"canonical\" href=\"https:\/\/rewosport.pl\/?page_id=1919\" \/>\n<meta property=\"og:locale\" content=\"pl_PL\" \/>\n<meta property=\"og:type\" content=\"article\" \/>\n<meta property=\"og:title\" content=\"2022.08.27 - Rybnik - Nie Pompujesz - Nie Jedziesz - pomiar czasu - chipy, fotokom\u00f3rki - zawody sportowe, obozy sportowe\" \/>\n<meta property=\"og:description\" content=\"Wyniki eliminacji (PDF) Wyniki fina\u0142owe kat. KIDS (PDF) + playoff (PDF) Wyniki fina\u0142owe kat. JUNIOR (PDF) + playoff (PDF) Wyniki fina\u0142owe kat. AMATOR (PDF) + playoff (PDF) Wyniki fina\u0142owe kat. KOBIETY (PDF) + playoff (PDF) Wyniki fina\u0142owe kat. PRO (PDF) + playoff (PDF) FORMULARZ ZAPIS\u00d3W &amp; LISTA ZG\u0141OSZE\u0143 Miejsce:&nbsp;RybnikDyscyplina:&nbsp;rowery \/ pumptrackData:&nbsp;2022-08-27Organizator:&nbsp;Fundacja Sfera, Sfera Sportu,&nbsp;media@sferasportu.pl, tel:&nbsp;+48&hellip; Dowiedz si\u0119 wi\u0119cej\" \/>\n<meta property=\"og:url\" content=\"https:\/\/rewosport.pl\/?page_id=1919\" \/>\n<meta property=\"og:site_name\" content=\"pomiar czasu - chipy, fotokom\u00f3rki - zawody sportowe, obozy sportowe\" \/>\n<meta property=\"article:modified_time\" content=\"2022-08-29T08:37:47+00:00\" \/>\n<meta property=\"og:image\" content=\"https:\/\/rewosport.pl\/wp-content\/uploads\/2022\/06\/IMG_20220612_133855-scaled.jpg\" \/>\n\t<meta property=\"og:image:width\" content=\"2560\" \/>\n\t<meta property=\"og:image:height\" content=\"1920\" \/>\n\t<meta property=\"og:image:type\" content=\"image\/jpeg\" \/>\n<meta name=\"twitter:card\" content=\"summary_large_image\" \/>\n<meta name=\"twitter:label1\" content=\"Szacowany czas czytania\" \/>\n\t<meta name=\"twitter:data1\" content=\"3 minuty\" \/>\n<script type=\"application\/ld+json\" class=\"yoast-schema-graph\">{\"@context\":\"https:\\\/\\\/schema.org\",\"@graph\":[{\"@type\":\"WebPage\",\"@id\":\"https:\\\/\\\/rewosport.pl\\\/?page_id=1919\",\"url\":\"https:\\\/\\\/rewosport.pl\\\/?page_id=1919\",\"name\":\"2022.08.27 - Rybnik - Nie Pompujesz - Nie Jedziesz - pomiar czasu - chipy, fotokom\u00f3rki - zawody sportowe, obozy sportowe\",\"isPartOf\":{\"@id\":\"https:\\\/\\\/rewosport.pl\\\/#website\"},\"primaryImageOfPage\":{\"@id\":\"https:\\\/\\\/rewosport.pl\\\/?page_id=1919#primaryimage\"},\"image\":{\"@id\":\"https:\\\/\\\/rewosport.pl\\\/?page_id=1919#primaryimage\"},\"thumbnailUrl\":\"https:\\\/\\\/rewosport.pl\\\/wp-content\\\/uploads\\\/2022\\\/06\\\/IMG_20220612_133855-scaled.jpg\",\"datePublished\":\"2022-07-13T05:26:18+00:00\",\"dateModified\":\"2022-08-29T08:37:47+00:00\",\"breadcrumb\":{\"@id\":\"https:\\\/\\\/rewosport.pl\\\/?page_id=1919#breadcrumb\"},\"inLanguage\":\"pl-PL\",\"potentialAction\":[{\"@type\":\"ReadAction\",\"target\":[\"https:\\\/\\\/rewosport.pl\\\/?page_id=1919\"]}]},{\"@type\":\"ImageObject\",\"inLanguage\":\"pl-PL\",\"@id\":\"https:\\\/\\\/rewosport.pl\\\/?page_id=1919#primaryimage\",\"url\":\"https:\\\/\\\/rewosport.pl\\\/wp-content\\\/uploads\\\/2022\\\/06\\\/IMG_20220612_133855-scaled.jpg\",\"contentUrl\":\"https:\\\/\\\/rewosport.pl\\\/wp-content\\\/uploads\\\/2022\\\/06\\\/IMG_20220612_133855-scaled.jpg\",\"width\":2560,\"height\":1920},{\"@type\":\"BreadcrumbList\",\"@id\":\"https:\\\/\\\/rewosport.pl\\\/?page_id=1919#breadcrumb\",\"itemListElement\":[{\"@type\":\"ListItem\",\"position\":1,\"name\":\"Home\",\"item\":\"https:\\\/\\\/rewosport.pl\\\/\"},{\"@type\":\"ListItem\",\"position\":2,\"name\":\"2022.08.27 &#8211; Rybnik &#8211; Nie Pompujesz &#8211; Nie Jedziesz\"}]},{\"@type\":\"WebSite\",\"@id\":\"https:\\\/\\\/rewosport.pl\\\/#website\",\"url\":\"https:\\\/\\\/rewosport.pl\\\/\",\"name\":\"pomiar czasu - chipy, fotokom\u00f3rki - zawody sportowe, obozy sportowe\",\"description\":\"elektroniczny pomiar czasu na zawodach sportowych - chipy, fotokom\u00f3rki; organizator zawod\u00f3w sportowych - biegowych, rowerowych, oboz\u00f3w sportowych,\",\"publisher\":{\"@id\":\"https:\\\/\\\/rewosport.pl\\\/#organization\"},\"potentialAction\":[{\"@type\":\"SearchAction\",\"target\":{\"@type\":\"EntryPoint\",\"urlTemplate\":\"https:\\\/\\\/rewosport.pl\\\/?s={search_term_string}\"},\"query-input\":{\"@type\":\"PropertyValueSpecification\",\"valueRequired\":true,\"valueName\":\"search_term_string\"}}],\"inLanguage\":\"pl-PL\"},{\"@type\":\"Organization\",\"@id\":\"https:\\\/\\\/rewosport.pl\\\/#organization\",\"name\":\"pomiar czasu - chipy, fotokom\u00f3rki - zawody sportowe, obozy sportowe\",\"url\":\"https:\\\/\\\/rewosport.pl\\\/\",\"logo\":{\"@type\":\"ImageObject\",\"inLanguage\":\"pl-PL\",\"@id\":\"https:\\\/\\\/rewosport.pl\\\/#\\\/schema\\\/logo\\\/image\\\/\",\"url\":\"https:\\\/\\\/rewosport.pl\\\/wp-content\\\/uploads\\\/2020\\\/07\\\/logo_rewosport.png\",\"contentUrl\":\"https:\\\/\\\/rewosport.pl\\\/wp-content\\\/uploads\\\/2020\\\/07\\\/logo_rewosport.png\",\"width\":346,\"height\":200,\"caption\":\"pomiar czasu - chipy, fotokom\u00f3rki - zawody sportowe, obozy sportowe\"},\"image\":{\"@id\":\"https:\\\/\\\/rewosport.pl\\\/#\\\/schema\\\/logo\\\/image\\\/\"}}]}<\/script>\n<!-- \/ Yoast SEO plugin. -->","yoast_head_json":{"title":"2022.08.27 - Rybnik - Nie Pompujesz - Nie Jedziesz - pomiar czasu - chipy, fotokom\u00f3rki - zawody sportowe, obozy sportowe","robots":{"index":"index","follow":"follow","max-snippet":"max-snippet:-1","max-image-preview":"max-image-preview:large","max-video-preview":"max-video-preview:-1"},"canonical":"https:\/\/rewosport.pl\/?page_id=1919","og_locale":"pl_PL","og_type":"article","og_title":"2022.08.27 - Rybnik - Nie Pompujesz - Nie Jedziesz - pomiar czasu - chipy, fotokom\u00f3rki - zawody sportowe, obozy sportowe","og_description":"Wyniki eliminacji (PDF) Wyniki fina\u0142owe kat. KIDS (PDF) + playoff (PDF) Wyniki fina\u0142owe kat. JUNIOR (PDF) + playoff (PDF) Wyniki fina\u0142owe kat. AMATOR (PDF) + playoff (PDF) Wyniki fina\u0142owe kat. KOBIETY (PDF) + playoff (PDF) Wyniki fina\u0142owe kat. PRO (PDF) + playoff (PDF) FORMULARZ ZAPIS\u00d3W &amp; LISTA ZG\u0141OSZE\u0143 Miejsce:&nbsp;RybnikDyscyplina:&nbsp;rowery \/ pumptrackData:&nbsp;2022-08-27Organizator:&nbsp;Fundacja Sfera, Sfera Sportu,&nbsp;media@sferasportu.pl, tel:&nbsp;+48&hellip; Dowiedz si\u0119 wi\u0119cej","og_url":"https:\/\/rewosport.pl\/?page_id=1919","og_site_name":"pomiar czasu - chipy, fotokom\u00f3rki - zawody sportowe, obozy sportowe","article_modified_time":"2022-08-29T08:37:47+00:00","og_image":[{"width":2560,"height":1920,"url":"https:\/\/rewosport.pl\/wp-content\/uploads\/2022\/06\/IMG_20220612_133855-scaled.jpg","type":"image\/jpeg"}],"twitter_card":"summary_large_image","twitter_misc":{"Szacowany czas czytania":"3 minuty"},"schema":{"@context":"https:\/\/schema.org","@graph":[{"@type":"WebPage","@id":"https:\/\/rewosport.pl\/?page_id=1919","url":"https:\/\/rewosport.pl\/?page_id=1919","name":"2022.08.27 - Rybnik - Nie Pompujesz - Nie Jedziesz - pomiar czasu - chipy, fotokom\u00f3rki - zawody sportowe, obozy sportowe","isPartOf":{"@id":"https:\/\/rewosport.pl\/#website"},"primaryImageOfPage":{"@id":"https:\/\/rewosport.pl\/?page_id=1919#primaryimage"},"image":{"@id":"https:\/\/rewosport.pl\/?page_id=1919#primaryimage"},"thumbnailUrl":"https:\/\/rewosport.pl\/wp-content\/uploads\/2022\/06\/IMG_20220612_133855-scaled.jpg","datePublished":"2022-07-13T05:26:18+00:00","dateModified":"2022-08-29T08:37:47+00:00","breadcrumb":{"@id":"https:\/\/rewosport.pl\/?page_id=1919#breadcrumb"},"inLanguage":"pl-PL","potentialAction":[{"@type":"ReadAction","target":["https:\/\/rewosport.pl\/?page_id=1919"]}]},{"@type":"ImageObject","inLanguage":"pl-PL","@id":"https:\/\/rewosport.pl\/?page_id=1919#primaryimage","url":"https:\/\/rewosport.pl\/wp-content\/uploads\/2022\/06\/IMG_20220612_133855-scaled.jpg","contentUrl":"https:\/\/rewosport.pl\/wp-content\/uploads\/2022\/06\/IMG_20220612_133855-scaled.jpg","width":2560,"height":1920},{"@type":"BreadcrumbList","@id":"https:\/\/rewosport.pl\/?page_id=1919#breadcrumb","itemListElement":[{"@type":"ListItem","position":1,"name":"Home","item":"https:\/\/rewosport.pl\/"},{"@type":"ListItem","position":2,"name":"2022.08.27 &#8211; Rybnik &#8211; Nie Pompujesz &#8211; Nie Jedziesz"}]},{"@type":"WebSite","@id":"https:\/\/rewosport.pl\/#website","url":"https:\/\/rewosport.pl\/","name":"pomiar czasu - chipy, fotokom\u00f3rki - zawody sportowe, obozy sportowe","description":"elektroniczny pomiar czasu na zawodach sportowych - chipy, fotokom\u00f3rki; organizator zawod\u00f3w sportowych - biegowych, rowerowych, oboz\u00f3w sportowych,","publisher":{"@id":"https:\/\/rewosport.pl\/#organization"},"potentialAction":[{"@type":"SearchAction","target":{"@type":"EntryPoint","urlTemplate":"https:\/\/rewosport.pl\/?s={search_term_string}"},"query-input":{"@type":"PropertyValueSpecification","valueRequired":true,"valueName":"search_term_string"}}],"inLanguage":"pl-PL"},{"@type":"Organization","@id":"https:\/\/rewosport.pl\/#organization","name":"pomiar czasu - chipy, fotokom\u00f3rki - zawody sportowe, obozy sportowe","url":"https:\/\/rewosport.pl\/","logo":{"@type":"ImageObject","inLanguage":"pl-PL","@id":"https:\/\/rewosport.pl\/#\/schema\/logo\/image\/","url":"https:\/\/rewosport.pl\/wp-content\/uploads\/2020\/07\/logo_rewosport.png","contentUrl":"https:\/\/rewosport.pl\/wp-content\/uploads\/2020\/07\/logo_rewosport.png","width":346,"height":200,"caption":"pomiar czasu - chipy, fotokom\u00f3rki - zawody sportowe, obozy sportowe"},"image":{"@id":"https:\/\/rewosport.pl\/#\/schema\/logo\/image\/"}}]}},"_links":{"self":[{"href":"https:\/\/rewosport.pl\/index.php?rest_route=\/wp\/v2\/pages\/1919","targetHints":{"allow":["GET"]}}],"collection":[{"href":"https:\/\/rewosport.pl\/index.php?rest_route=\/wp\/v2\/pages"}],"about":[{"href":"https:\/\/rewosport.pl\/index.php?rest_route=\/wp\/v2\/types\/page"}],"author":[{"embeddable":true,"href":"https:\/\/rewosport.pl\/index.php?rest_route=\/wp\/v2\/users\/1"}],"replies":[{"embeddable":true,"href":"https:\/\/rewosport.pl\/index.php?rest_route=%2Fwp%2Fv2%2Fcomments&post=1919"}],"version-history":[{"count":19,"href":"https:\/\/rewosport.pl\/index.php?rest_route=\/wp\/v2\/pages\/1919\/revisions"}],"predecessor-version":[{"id":1977,"href":"https:\/\/rewosport.pl\/index.php?rest_route=\/wp\/v2\/pages\/1919\/revisions\/1977"}],"wp:featuredmedia":[{"embeddable":true,"href":"https:\/\/rewosport.pl\/index.php?rest_route=\/wp\/v2\/media\/1884"}],"wp:attachment":[{"href":"https:\/\/rewosport.pl\/index.php?rest_route=%2Fwp%2Fv2%2Fmedia&parent=1919"}],"curies":[{"name":"wp","href":"https:\/\/api.w.org\/{rel}","templated":true}]}}