{"id":207,"date":"2020-08-29T21:37:20","date_gmt":"2020-08-29T19:37:20","guid":{"rendered":"http:\/\/rewosport.pl\/?page_id=207"},"modified":"2020-08-29T22:14:56","modified_gmt":"2020-08-29T20:14:56","slug":"poniwiec-14-950-wyniki","status":"publish","type":"page","link":"https:\/\/rewosport.pl\/?page_id=207","title":{"rendered":"PONIWIEC 14\/950 &#8211; WYNIKI"},"content":{"rendered":"\n<figure class=\"wp-block-image size-large\"><a href=\"http:\/\/rewosport.pl\/wp-content\/uploads\/2020\/08\/2020.08.29.bieg_.poniwiec.wyniki_gotowe_v2-page-001.jpg\"><img loading=\"lazy\" decoding=\"async\" width=\"1024\" height=\"724\" src=\"http:\/\/rewosport.pl\/wp-content\/uploads\/2020\/08\/2020.08.29.bieg_.poniwiec.wyniki_gotowe_v2-page-001-1024x724.jpg\" alt=\"\" class=\"wp-image-214\" srcset=\"https:\/\/rewosport.pl\/wp-content\/uploads\/2020\/08\/2020.08.29.bieg_.poniwiec.wyniki_gotowe_v2-page-001-1024x724.jpg 1024w, https:\/\/rewosport.pl\/wp-content\/uploads\/2020\/08\/2020.08.29.bieg_.poniwiec.wyniki_gotowe_v2-page-001-300x212.jpg 300w, https:\/\/rewosport.pl\/wp-content\/uploads\/2020\/08\/2020.08.29.bieg_.poniwiec.wyniki_gotowe_v2-page-001-768x543.jpg 768w, https:\/\/rewosport.pl\/wp-content\/uploads\/2020\/08\/2020.08.29.bieg_.poniwiec.wyniki_gotowe_v2-page-001-1536x1086.jpg 1536w, https:\/\/rewosport.pl\/wp-content\/uploads\/2020\/08\/2020.08.29.bieg_.poniwiec.wyniki_gotowe_v2-page-001-1528x1080.jpg 1528w, https:\/\/rewosport.pl\/wp-content\/uploads\/2020\/08\/2020.08.29.bieg_.poniwiec.wyniki_gotowe_v2-page-001.jpg 1754w\" sizes=\"auto, (max-width: 1024px) 100vw, 1024px\" \/><\/a><\/figure>\n\n\n\n<figure class=\"wp-block-image size-large\"><a href=\"http:\/\/rewosport.pl\/wp-content\/uploads\/2020\/08\/2020.08.29.bieg_.poniwiec.wyniki_gotowe_v2-page-002.jpg\"><img loading=\"lazy\" decoding=\"async\" width=\"1024\" height=\"724\" src=\"http:\/\/rewosport.pl\/wp-content\/uploads\/2020\/08\/2020.08.29.bieg_.poniwiec.wyniki_gotowe_v2-page-002-1024x724.jpg\" alt=\"\" class=\"wp-image-215\" srcset=\"https:\/\/rewosport.pl\/wp-content\/uploads\/2020\/08\/2020.08.29.bieg_.poniwiec.wyniki_gotowe_v2-page-002-1024x724.jpg 1024w, https:\/\/rewosport.pl\/wp-content\/uploads\/2020\/08\/2020.08.29.bieg_.poniwiec.wyniki_gotowe_v2-page-002-300x212.jpg 300w, https:\/\/rewosport.pl\/wp-content\/uploads\/2020\/08\/2020.08.29.bieg_.poniwiec.wyniki_gotowe_v2-page-002-768x543.jpg 768w, https:\/\/rewosport.pl\/wp-content\/uploads\/2020\/08\/2020.08.29.bieg_.poniwiec.wyniki_gotowe_v2-page-002-1536x1086.jpg 1536w, https:\/\/rewosport.pl\/wp-content\/uploads\/2020\/08\/2020.08.29.bieg_.poniwiec.wyniki_gotowe_v2-page-002-1528x1080.jpg 1528w, https:\/\/rewosport.pl\/wp-content\/uploads\/2020\/08\/2020.08.29.bieg_.poniwiec.wyniki_gotowe_v2-page-002.jpg 1754w\" sizes=\"auto, (max-width: 1024px) 100vw, 1024px\" \/><\/a><\/figure>\n\n\n\n<figure class=\"wp-block-image size-large\"><a href=\"http:\/\/rewosport.pl\/wp-content\/uploads\/2020\/08\/2020.08.29.bieg_.poniwiec.wyniki_gotowe_v2-page-003.jpg\"><img loading=\"lazy\" decoding=\"async\" width=\"1024\" height=\"724\" src=\"http:\/\/rewosport.pl\/wp-content\/uploads\/2020\/08\/2020.08.29.bieg_.poniwiec.wyniki_gotowe_v2-page-003-1024x724.jpg\" alt=\"\" class=\"wp-image-216\" srcset=\"https:\/\/rewosport.pl\/wp-content\/uploads\/2020\/08\/2020.08.29.bieg_.poniwiec.wyniki_gotowe_v2-page-003-1024x724.jpg 1024w, https:\/\/rewosport.pl\/wp-content\/uploads\/2020\/08\/2020.08.29.bieg_.poniwiec.wyniki_gotowe_v2-page-003-300x212.jpg 300w, https:\/\/rewosport.pl\/wp-content\/uploads\/2020\/08\/2020.08.29.bieg_.poniwiec.wyniki_gotowe_v2-page-003-768x543.jpg 768w, https:\/\/rewosport.pl\/wp-content\/uploads\/2020\/08\/2020.08.29.bieg_.poniwiec.wyniki_gotowe_v2-page-003-1536x1086.jpg 1536w, https:\/\/rewosport.pl\/wp-content\/uploads\/2020\/08\/2020.08.29.bieg_.poniwiec.wyniki_gotowe_v2-page-003-1528x1080.jpg 1528w, https:\/\/rewosport.pl\/wp-content\/uploads\/2020\/08\/2020.08.29.bieg_.poniwiec.wyniki_gotowe_v2-page-003.jpg 1754w\" sizes=\"auto, (max-width: 1024px) 100vw, 1024px\" \/><\/a><\/figure>\n\n\n\n<figure class=\"wp-block-image size-large\"><a href=\"http:\/\/rewosport.pl\/wp-content\/uploads\/2020\/08\/2020.08.29.bieg_.poniwiec.wyniki_gotowe_v2-page-004.jpg\"><img loading=\"lazy\" decoding=\"async\" width=\"1024\" height=\"724\" src=\"http:\/\/rewosport.pl\/wp-content\/uploads\/2020\/08\/2020.08.29.bieg_.poniwiec.wyniki_gotowe_v2-page-004-1024x724.jpg\" alt=\"\" class=\"wp-image-217\" srcset=\"https:\/\/rewosport.pl\/wp-content\/uploads\/2020\/08\/2020.08.29.bieg_.poniwiec.wyniki_gotowe_v2-page-004-1024x724.jpg 1024w, https:\/\/rewosport.pl\/wp-content\/uploads\/2020\/08\/2020.08.29.bieg_.poniwiec.wyniki_gotowe_v2-page-004-300x212.jpg 300w, https:\/\/rewosport.pl\/wp-content\/uploads\/2020\/08\/2020.08.29.bieg_.poniwiec.wyniki_gotowe_v2-page-004-768x543.jpg 768w, https:\/\/rewosport.pl\/wp-content\/uploads\/2020\/08\/2020.08.29.bieg_.poniwiec.wyniki_gotowe_v2-page-004-1536x1086.jpg 1536w, https:\/\/rewosport.pl\/wp-content\/uploads\/2020\/08\/2020.08.29.bieg_.poniwiec.wyniki_gotowe_v2-page-004-1528x1080.jpg 1528w, https:\/\/rewosport.pl\/wp-content\/uploads\/2020\/08\/2020.08.29.bieg_.poniwiec.wyniki_gotowe_v2-page-004.jpg 1754w\" sizes=\"auto, (max-width: 1024px) 100vw, 1024px\" \/><\/a><\/figure>\n","protected":false},"excerpt":{"rendered":"","protected":false},"author":1,"featured_media":0,"parent":0,"menu_order":0,"comment_status":"closed","ping_status":"closed","template":"","meta":{"footnotes":""},"class_list":["post-207","page","type-page","status-publish","hentry"],"yoast_head":"<!-- This site is optimized with the Yoast SEO plugin v27.4 - https:\/\/yoast.com\/product\/yoast-seo-wordpress\/ -->\n<title>PONIWIEC 14\/950 - WYNIKI - pomiar czasu - chipy, fotokom\u00f3rki - zawody sportowe, obozy sportowe<\/title>\n<meta name=\"robots\" content=\"index, follow, max-snippet:-1, max-image-preview:large, max-video-preview:-1\" \/>\n<link rel=\"canonical\" href=\"http:\/\/rewosport.pl\/?page_id=207\" \/>\n<meta property=\"og:locale\" content=\"pl_PL\" \/>\n<meta property=\"og:type\" content=\"article\" \/>\n<meta property=\"og:title\" content=\"PONIWIEC 14\/950 - WYNIKI - pomiar czasu - chipy, fotokom\u00f3rki - zawody sportowe, obozy sportowe\" \/>\n<meta property=\"og:url\" content=\"http:\/\/rewosport.pl\/?page_id=207\" \/>\n<meta property=\"og:site_name\" content=\"pomiar czasu - chipy, fotokom\u00f3rki - zawody sportowe, obozy sportowe\" \/>\n<meta property=\"article:modified_time\" content=\"2020-08-29T20:14:56+00:00\" \/>\n<meta property=\"og:image\" content=\"http:\/\/rewosport.pl\/wp-content\/uploads\/2020\/08\/2020.08.29.bieg_.poniwiec.wyniki_gotowe_v2-page-001-1024x724.jpg\" \/>\n<meta name=\"twitter:card\" content=\"summary_large_image\" \/>\n<script type=\"application\/ld+json\" class=\"yoast-schema-graph\">{\"@context\":\"https:\\\/\\\/schema.org\",\"@graph\":[{\"@type\":\"WebPage\",\"@id\":\"http:\\\/\\\/rewosport.pl\\\/?page_id=207\",\"url\":\"http:\\\/\\\/rewosport.pl\\\/?page_id=207\",\"name\":\"PONIWIEC 14\\\/950 - WYNIKI - pomiar czasu - chipy, fotokom\u00f3rki - zawody sportowe, obozy sportowe\",\"isPartOf\":{\"@id\":\"https:\\\/\\\/rewosport.pl\\\/#website\"},\"primaryImageOfPage\":{\"@id\":\"http:\\\/\\\/rewosport.pl\\\/?page_id=207#primaryimage\"},\"image\":{\"@id\":\"http:\\\/\\\/rewosport.pl\\\/?page_id=207#primaryimage\"},\"thumbnailUrl\":\"http:\\\/\\\/rewosport.pl\\\/wp-content\\\/uploads\\\/2020\\\/08\\\/2020.08.29.bieg_.poniwiec.wyniki_gotowe_v2-page-001-1024x724.jpg\",\"datePublished\":\"2020-08-29T19:37:20+00:00\",\"dateModified\":\"2020-08-29T20:14:56+00:00\",\"breadcrumb\":{\"@id\":\"http:\\\/\\\/rewosport.pl\\\/?page_id=207#breadcrumb\"},\"inLanguage\":\"pl-PL\",\"potentialAction\":[{\"@type\":\"ReadAction\",\"target\":[\"http:\\\/\\\/rewosport.pl\\\/?page_id=207\"]}]},{\"@type\":\"ImageObject\",\"inLanguage\":\"pl-PL\",\"@id\":\"http:\\\/\\\/rewosport.pl\\\/?page_id=207#primaryimage\",\"url\":\"http:\\\/\\\/rewosport.pl\\\/wp-content\\\/uploads\\\/2020\\\/08\\\/2020.08.29.bieg_.poniwiec.wyniki_gotowe_v2-page-001-1024x724.jpg\",\"contentUrl\":\"http:\\\/\\\/rewosport.pl\\\/wp-content\\\/uploads\\\/2020\\\/08\\\/2020.08.29.bieg_.poniwiec.wyniki_gotowe_v2-page-001-1024x724.jpg\"},{\"@type\":\"BreadcrumbList\",\"@id\":\"http:\\\/\\\/rewosport.pl\\\/?page_id=207#breadcrumb\",\"itemListElement\":[{\"@type\":\"ListItem\",\"position\":1,\"name\":\"Home\",\"item\":\"https:\\\/\\\/rewosport.pl\\\/\"},{\"@type\":\"ListItem\",\"position\":2,\"name\":\"PONIWIEC 14\\\/950 &#8211; WYNIKI\"}]},{\"@type\":\"WebSite\",\"@id\":\"https:\\\/\\\/rewosport.pl\\\/#website\",\"url\":\"https:\\\/\\\/rewosport.pl\\\/\",\"name\":\"pomiar czasu - chipy, fotokom\u00f3rki - zawody sportowe, obozy sportowe\",\"description\":\"elektroniczny pomiar czasu na zawodach sportowych - chipy, fotokom\u00f3rki; organizator zawod\u00f3w sportowych - biegowych, rowerowych, oboz\u00f3w sportowych,\",\"publisher\":{\"@id\":\"https:\\\/\\\/rewosport.pl\\\/#organization\"},\"potentialAction\":[{\"@type\":\"SearchAction\",\"target\":{\"@type\":\"EntryPoint\",\"urlTemplate\":\"https:\\\/\\\/rewosport.pl\\\/?s={search_term_string}\"},\"query-input\":{\"@type\":\"PropertyValueSpecification\",\"valueRequired\":true,\"valueName\":\"search_term_string\"}}],\"inLanguage\":\"pl-PL\"},{\"@type\":\"Organization\",\"@id\":\"https:\\\/\\\/rewosport.pl\\\/#organization\",\"name\":\"pomiar czasu - chipy, fotokom\u00f3rki - zawody sportowe, obozy sportowe\",\"url\":\"https:\\\/\\\/rewosport.pl\\\/\",\"logo\":{\"@type\":\"ImageObject\",\"inLanguage\":\"pl-PL\",\"@id\":\"https:\\\/\\\/rewosport.pl\\\/#\\\/schema\\\/logo\\\/image\\\/\",\"url\":\"https:\\\/\\\/rewosport.pl\\\/wp-content\\\/uploads\\\/2020\\\/07\\\/logo_rewosport.png\",\"contentUrl\":\"https:\\\/\\\/rewosport.pl\\\/wp-content\\\/uploads\\\/2020\\\/07\\\/logo_rewosport.png\",\"width\":346,\"height\":200,\"caption\":\"pomiar czasu - chipy, fotokom\u00f3rki - zawody sportowe, obozy sportowe\"},\"image\":{\"@id\":\"https:\\\/\\\/rewosport.pl\\\/#\\\/schema\\\/logo\\\/image\\\/\"}}]}<\/script>\n<!-- \/ Yoast SEO plugin. -->","yoast_head_json":{"title":"PONIWIEC 14\/950 - WYNIKI - pomiar czasu - chipy, fotokom\u00f3rki - zawody sportowe, obozy sportowe","robots":{"index":"index","follow":"follow","max-snippet":"max-snippet:-1","max-image-preview":"max-image-preview:large","max-video-preview":"max-video-preview:-1"},"canonical":"http:\/\/rewosport.pl\/?page_id=207","og_locale":"pl_PL","og_type":"article","og_title":"PONIWIEC 14\/950 - WYNIKI - pomiar czasu - chipy, fotokom\u00f3rki - zawody sportowe, obozy sportowe","og_url":"http:\/\/rewosport.pl\/?page_id=207","og_site_name":"pomiar czasu - chipy, fotokom\u00f3rki - zawody sportowe, obozy sportowe","article_modified_time":"2020-08-29T20:14:56+00:00","og_image":[{"url":"http:\/\/rewosport.pl\/wp-content\/uploads\/2020\/08\/2020.08.29.bieg_.poniwiec.wyniki_gotowe_v2-page-001-1024x724.jpg","type":"","width":"","height":""}],"twitter_card":"summary_large_image","schema":{"@context":"https:\/\/schema.org","@graph":[{"@type":"WebPage","@id":"http:\/\/rewosport.pl\/?page_id=207","url":"http:\/\/rewosport.pl\/?page_id=207","name":"PONIWIEC 14\/950 - WYNIKI - pomiar czasu - chipy, fotokom\u00f3rki - zawody sportowe, obozy sportowe","isPartOf":{"@id":"https:\/\/rewosport.pl\/#website"},"primaryImageOfPage":{"@id":"http:\/\/rewosport.pl\/?page_id=207#primaryimage"},"image":{"@id":"http:\/\/rewosport.pl\/?page_id=207#primaryimage"},"thumbnailUrl":"http:\/\/rewosport.pl\/wp-content\/uploads\/2020\/08\/2020.08.29.bieg_.poniwiec.wyniki_gotowe_v2-page-001-1024x724.jpg","datePublished":"2020-08-29T19:37:20+00:00","dateModified":"2020-08-29T20:14:56+00:00","breadcrumb":{"@id":"http:\/\/rewosport.pl\/?page_id=207#breadcrumb"},"inLanguage":"pl-PL","potentialAction":[{"@type":"ReadAction","target":["http:\/\/rewosport.pl\/?page_id=207"]}]},{"@type":"ImageObject","inLanguage":"pl-PL","@id":"http:\/\/rewosport.pl\/?page_id=207#primaryimage","url":"http:\/\/rewosport.pl\/wp-content\/uploads\/2020\/08\/2020.08.29.bieg_.poniwiec.wyniki_gotowe_v2-page-001-1024x724.jpg","contentUrl":"http:\/\/rewosport.pl\/wp-content\/uploads\/2020\/08\/2020.08.29.bieg_.poniwiec.wyniki_gotowe_v2-page-001-1024x724.jpg"},{"@type":"BreadcrumbList","@id":"http:\/\/rewosport.pl\/?page_id=207#breadcrumb","itemListElement":[{"@type":"ListItem","position":1,"name":"Home","item":"https:\/\/rewosport.pl\/"},{"@type":"ListItem","position":2,"name":"PONIWIEC 14\/950 &#8211; WYNIKI"}]},{"@type":"WebSite","@id":"https:\/\/rewosport.pl\/#website","url":"https:\/\/rewosport.pl\/","name":"pomiar czasu - chipy, fotokom\u00f3rki - zawody sportowe, obozy sportowe","description":"elektroniczny pomiar czasu na zawodach sportowych - chipy, fotokom\u00f3rki; organizator zawod\u00f3w sportowych - biegowych, rowerowych, oboz\u00f3w sportowych,","publisher":{"@id":"https:\/\/rewosport.pl\/#organization"},"potentialAction":[{"@type":"SearchAction","target":{"@type":"EntryPoint","urlTemplate":"https:\/\/rewosport.pl\/?s={search_term_string}"},"query-input":{"@type":"PropertyValueSpecification","valueRequired":true,"valueName":"search_term_string"}}],"inLanguage":"pl-PL"},{"@type":"Organization","@id":"https:\/\/rewosport.pl\/#organization","name":"pomiar czasu - chipy, fotokom\u00f3rki - zawody sportowe, obozy sportowe","url":"https:\/\/rewosport.pl\/","logo":{"@type":"ImageObject","inLanguage":"pl-PL","@id":"https:\/\/rewosport.pl\/#\/schema\/logo\/image\/","url":"https:\/\/rewosport.pl\/wp-content\/uploads\/2020\/07\/logo_rewosport.png","contentUrl":"https:\/\/rewosport.pl\/wp-content\/uploads\/2020\/07\/logo_rewosport.png","width":346,"height":200,"caption":"pomiar czasu - chipy, fotokom\u00f3rki - zawody sportowe, obozy sportowe"},"image":{"@id":"https:\/\/rewosport.pl\/#\/schema\/logo\/image\/"}}]}},"_links":{"self":[{"href":"https:\/\/rewosport.pl\/index.php?rest_route=\/wp\/v2\/pages\/207","targetHints":{"allow":["GET"]}}],"collection":[{"href":"https:\/\/rewosport.pl\/index.php?rest_route=\/wp\/v2\/pages"}],"about":[{"href":"https:\/\/rewosport.pl\/index.php?rest_route=\/wp\/v2\/types\/page"}],"author":[{"embeddable":true,"href":"https:\/\/rewosport.pl\/index.php?rest_route=\/wp\/v2\/users\/1"}],"replies":[{"embeddable":true,"href":"https:\/\/rewosport.pl\/index.php?rest_route=%2Fwp%2Fv2%2Fcomments&post=207"}],"version-history":[{"count":2,"href":"https:\/\/rewosport.pl\/index.php?rest_route=\/wp\/v2\/pages\/207\/revisions"}],"predecessor-version":[{"id":218,"href":"https:\/\/rewosport.pl\/index.php?rest_route=\/wp\/v2\/pages\/207\/revisions\/218"}],"wp:attachment":[{"href":"https:\/\/rewosport.pl\/index.php?rest_route=%2Fwp%2Fv2%2Fmedia&parent=207"}],"curies":[{"name":"wp","href":"https:\/\/api.w.org\/{rel}","templated":true}]}}