{"id":2500,"date":"2023-03-27T19:08:34","date_gmt":"2023-03-27T17:08:34","guid":{"rendered":"https:\/\/rewosport.pl\/?page_id=2500"},"modified":"2023-07-17T14:03:36","modified_gmt":"2023-07-17T12:03:36","slug":"2023-nie-pompujesz-nie-jedziesz","status":"publish","type":"page","link":"https:\/\/rewosport.pl\/?page_id=2500","title":{"rendered":"2023 &#8211; Nie Pompujesz &#8211; Nie Jedziesz"},"content":{"rendered":"\n<div class=\"wp-block-media-text is-stacked-on-mobile\" style=\"grid-template-columns:18% auto\"><figure class=\"wp-block-media-text__media\"><img loading=\"lazy\" decoding=\"async\" width=\"478\" height=\"478\" src=\"https:\/\/rewosport.pl\/wp-content\/uploads\/2023\/03\/NPNJ.logo_.png\" alt=\"\" class=\"wp-image-2501 size-full\" srcset=\"https:\/\/rewosport.pl\/wp-content\/uploads\/2023\/03\/NPNJ.logo_.png 478w, https:\/\/rewosport.pl\/wp-content\/uploads\/2023\/03\/NPNJ.logo_-300x300.png 300w, https:\/\/rewosport.pl\/wp-content\/uploads\/2023\/03\/NPNJ.logo_-150x150.png 150w\" sizes=\"auto, (max-width: 478px) 100vw, 478px\" \/><\/figure><div class=\"wp-block-media-text__content\">\n<p class=\"has-text-align-center\" style=\"font-size:10px\"><em><strong>WALCZ O TYTU\u0141 NAJSZYBSZEJ POLKI<\/strong><\/em> <em><strong>I NASZYBSZEGO POLAKA<\/strong><\/em><br><em><strong>NA PUMPTRACKU<\/strong><\/em>  <em><strong>W KATEGORIACH PRO, KOBIETY, AMATOR, JUNIOR, KIDS<\/strong><\/em><\/p>\n\n\n\n<p class=\"has-text-align-center has-small-font-size\"><strong>ORGANIZATOR CYKLU<\/strong>: SFERA SPORTU<br><strong>PARTNERZY<\/strong>: BT PROJECT, RED BULL, NS BIKES, SOUND OF GRAVITY<\/p>\n\n\n\n<p class=\"has-text-align-center has-small-font-size\"><strong>Strona zawod\u00f3w: <a href=\"http:\/\/pompuje.pl\" target=\"_blank\" rel=\"noreferrer noopener\">pompuje.pl<\/a> &amp; <a href=\"https:\/\/www.facebook.com\/pompuje\" target=\"_blank\" rel=\"noreferrer noopener\">fb.com\/pompuje<\/a><\/strong><\/p>\n<\/div><\/div>\n\n\n\n<p class=\"has-text-align-center has-vivid-red-color has-white-background-color has-text-color has-background has-medium-font-size\"><a href=\"http:\/\/wojtektestpomiary.comaq.pl\/tabela.php\" target=\"_blank\" rel=\"noreferrer noopener\"><strong>WYNIKI<\/strong> NA \u017bYWO<\/a><\/p>\n\n\n\n<figure class=\"wp-block-table aligncenter is-style-stripes\" style=\"font-size:10px\"><table class=\"has-white-background-color has-background\"><thead><tr><th class=\"has-text-align-center\" data-align=\"center\">Edycja<\/th><th class=\"has-text-align-center\" data-align=\"center\">Lokalizacja<\/th><th class=\"has-text-align-center\" data-align=\"center\">Data<\/th><th>Treningi \/ Start<\/th><th class=\"has-text-align-center\" data-align=\"center\">Zapisy<\/th><th class=\"has-text-align-center\" data-align=\"center\">Wyniki ko\u0144cowe<\/th><\/tr><\/thead><tbody><tr><td class=\"has-text-align-center\" data-align=\"center\">#1<\/td><td class=\"has-text-align-center\" data-align=\"center\">Kudowa Zdr\u00f3j<\/td><td class=\"has-text-align-center\" data-align=\"center\">2023.05.06<\/td><td>10:00 \/ 13:00<\/td><td class=\"has-text-align-center\" data-align=\"center\"><a href=\"https:\/\/dostartu.pl\/nie-pompujesz-nie-jedziesz-2023-1-kudowa-zdroj-v9005\" target=\"_blank\" rel=\"noreferrer noopener\">ZAPISY<\/a><\/td><td class=\"has-text-align-center\" data-align=\"center\"><a href=\"https:\/\/rewosport.pl\/?page_id=2576\">WYNIKI<\/a><\/td><\/tr><tr><td class=\"has-text-align-center\" data-align=\"center\">#2<\/td><td class=\"has-text-align-center\" data-align=\"center\">Polanka Wielka<\/td><td class=\"has-text-align-center\" data-align=\"center\">2023.05.21<\/td><td>10:00 \/ 13:00<\/td><td class=\"has-text-align-center\" data-align=\"center\"><a href=\"https:\/\/dostartu.pl\/nie-pompujesz-nie-jedziesz-2023-2-polanka-wielka-v9011\" target=\"_blank\" rel=\"noreferrer noopener\">ZAPISY<\/a><\/td><td class=\"has-text-align-center\" data-align=\"center\"><a href=\"https:\/\/rewosport.pl\/?page_id=2586\">WYNIKI<\/a><\/td><\/tr><tr><td class=\"has-text-align-center\" data-align=\"center\">#3<\/td><td class=\"has-text-align-center\" data-align=\"center\">\u017byrard\u00f3w<\/td><td class=\"has-text-align-center\" data-align=\"center\">2023.06.03<\/td><td>11:00 \/ 14:00<\/td><td class=\"has-text-align-center\" data-align=\"center\"><a href=\"https:\/\/dostartu.pl\/nie-pompujesz-nie-jedziesz-2023-3-zyrardow-v9013\" target=\"_blank\" rel=\"noreferrer noopener\">ZAPISY<\/a><\/td><td class=\"has-text-align-center\" data-align=\"center\"><a href=\"https:\/\/rewosport.pl\/?page_id=2590\">WYNIKI<\/a><\/td><\/tr><tr><td class=\"has-text-align-center\" data-align=\"center\">#4<\/td><td class=\"has-text-align-center\" data-align=\"center\">Kielce<\/td><td class=\"has-text-align-center\" data-align=\"center\">2023.06.18<\/td><td>10:00 \/ 13:00<\/td><td class=\"has-text-align-center\" data-align=\"center\"><a href=\"https:\/\/dostartu.pl\/nie-pompujesz-nie-jedziesz-2023-4-kielce-v9014\" target=\"_blank\" rel=\"noreferrer noopener\">ZAPISY<\/a><\/td><td class=\"has-text-align-center\" data-align=\"center\"><a href=\"https:\/\/rewosport.pl\/?page_id=2594\">WYNIKI<\/a><\/td><\/tr><tr><td class=\"has-text-align-center\" data-align=\"center\">#5<\/td><td class=\"has-text-align-center\" data-align=\"center\">Radom<\/td><td class=\"has-text-align-center\" data-align=\"center\">2023.07.02<\/td><td>10:00 \/ 13:00<\/td><td class=\"has-text-align-center\" data-align=\"center\"><a href=\"https:\/\/dostartu.pl\/nie-pompujesz-nie-jedziesz-2023-5-radom-v9016\" target=\"_blank\" rel=\"noreferrer noopener\">ZAPISY<\/a><\/td><td class=\"has-text-align-center\" data-align=\"center\"><a href=\"https:\/\/rewosport.pl\/?page_id=2598\">WYNIKI<\/a><\/td><\/tr><tr><td class=\"has-text-align-center\" data-align=\"center\">#6<\/td><td class=\"has-text-align-center\" data-align=\"center\">Stalowa Wola<\/td><td class=\"has-text-align-center\" data-align=\"center\">2023.07.16<\/td><td>10:00 \/ 13:00<\/td><td class=\"has-text-align-center\" data-align=\"center\"><a href=\"https:\/\/dostartu.pl\/nie-pompujesz-nie-jedziesz-2023-6-stalowa-wola-v9017\" target=\"_blank\" rel=\"noreferrer noopener\">ZAPISY<\/a><\/td><td class=\"has-text-align-center\" data-align=\"center\"><a href=\"https:\/\/rewosport.pl\/?page_id=2602\">WYNIKI<\/a><\/td><\/tr><tr><td class=\"has-text-align-center\" data-align=\"center\">#7<\/td><td class=\"has-text-align-center\" data-align=\"center\">Be\u0142chat\u00f3w<br>(ul. Turkusowa)<\/td><td class=\"has-text-align-center\" data-align=\"center\">2023.07.22<\/td><td>13:00 \/ 16:00<\/td><td class=\"has-text-align-center\" data-align=\"center\"><a href=\"https:\/\/dostartu.pl\/nie-pompujesz-nie-jedziesz-2023-7-be-chatow-fina-v9018\" target=\"_blank\" rel=\"noreferrer noopener\">ZAPISY<\/a><\/td><td class=\"has-text-align-center\" data-align=\"center\"><a href=\"https:\/\/rewosport.pl\/?page_id=2606\">WYNIKI<\/a><\/td><\/tr><\/tbody><\/table><\/figure>\n\n\n\n<p class=\"has-text-align-center has-vivid-red-color has-text-color has-medium-font-size\"><strong><a href=\"https:\/\/rewosport.pl\/wp-content\/uploads\/2023\/03\/2023.NiePompujeszNieJedziesz.Regulamin.pdf\" target=\"_blank\" rel=\"noreferrer noopener\">REGULAMIN i ZGODA rodzica\/opiekuna (pdf)<\/a><\/strong><\/p>\n\n\n\n<p class=\"has-text-align-center has-vivid-red-color has-text-color has-small-font-size\"><strong><em>UWAGA &#8211; potwierdzeniem rejestracji jest dokonanie przelewu z op\u0142at\u0105 startow\u0105 &#8211;<br>jest to mo\u017cliwe do 2 dni od wype\u0142nienia formularza zg\u0142osze\u0144. <\/em><\/strong><br><strong><em>Limit 100 os\u00f3b dotyczy uczestnik\u00f3w, kt\u00f3rzy potwierdzili udzia\u0142 op\u0142at\u0105 startow\u0105.<br>Nie ma mo\u017cliwo\u015bci rejestracji ani p\u0142atno\u015bci w biurze zawod\u00f3w. <\/em><\/strong><\/p>\n\n\n\n<p class=\"has-text-align-center\"><strong>OP\u0141ATA STARTOWA<\/strong><\/p>\n\n\n\n<p class=\"has-text-align-center has-small-font-size\">15 z\u0142 (ka\u017cdy zawodnik\u00f3w otrzymuje numer startowy + zapi\u0119cia, pami\u0105tkowe naklejki)<\/p>\n\n\n\n<p class=\"has-text-align-center\"><strong>ZASADY PUNKTACJI<\/strong><\/p>\n\n\n\n<p class=\"has-text-align-center has-small-font-size\">W ka\u017cdej kategorii zbieramy punkty do rankingu wg miejsc zaj\u0119tych w poszczeg\u00f3lnych rundach<br>Do rankingu liczymy 4 najlepszych wyst\u0119p\u00f3w<br>W fina\u0142owych zawodach (Be\u0142chat\u00f3w) w kategorii PRO i KOBIETY punkty liczymy podw\u00f3jnie<\/p>\n\n\n\n<p class=\"has-text-align-center\"><strong>KATEGORIE<\/strong><\/p>\n\n\n\n<p class=\"has-text-align-center has-small-font-size\"><strong>PRO<\/strong> \u2013 zawodnicy o wysokich umiej\u0119tno\u015bciach oraz zawodnicy kt\u00f3rzy w sezonie 2022 zaj\u0119li w klasyfikacji generalnej kategorii PRO miejsca od 1 do 20, a tak\u017ce Zawodnicy kt\u00f3rzy w ko\u0144cowej klasyfikacji punktowej kategorii Amator w roku 2022 zaj\u0119li miejsca od 1 do 5. Zawodnik, kt\u00f3ry cho\u0107 raz w sezonie 2023 wystartowa\u0142 w kategorii PRO nie mo\u017ce przyst\u0105pi\u0107 do ni\u017cszej kategorii<\/p>\n\n\n\n<p class=\"has-text-align-center has-small-font-size\"><strong>AMATOR<\/strong> \u2013 zawodnicy pocz\u0105tkuj\u0105cy, \u015bredniozaawansowani<\/p>\n\n\n\n<p class=\"has-text-align-center has-small-font-size\"><strong>KIDS (2015 \u2013 2019) K+M \u2013 <\/strong>zawodnicy w wieku od 4 do 8 lat (roczniki 2015 \u2013 2019) bez podzia\u0142u na p\u0142e\u0107<\/p>\n\n\n\n<p class=\"has-text-align-center has-small-font-size\"><strong>JUNIOR (2011 \u2013 2014) K+M \u2013 <\/strong>zawodnicy w wieku od 9 do 12 lat (roczniki 2011 &#8211; 2014) bez podzia\u0142u na p\u0142e\u0107<\/p>\n\n\n\n<p class=\"has-text-align-center has-small-font-size\"><strong>KOBIETY<\/strong> \u2013 otwarta kategoria dla kobiet bez podzia\u0142u na wiek<\/p>\n\n\n\n<p class=\"has-text-align-center\"><strong>ZASADY STARTU<\/strong><\/p>\n\n\n\n<p class=\"has-text-align-center has-small-font-size\">Startujemy z wyznaczonego pola (\u017c\u00f3\u0142ty kwadrat)<br>Peda\u0142owanie mo\u017cliwe na ca\u0142ym torze (wg zasad UCI)<br>Obowi\u0105zkowy&nbsp;<strong>Full Face<\/strong>&nbsp;&#8211; je\u017celi nie masz swojego, otrzymasz taki na czas startu w wy\u015bcigu od FOX Polska (zarezerwuje rozmiar w biurze zawod\u00f3w)<br>Obowi\u0105zkowy hamulec<br>Numer startowy zawieszamy z przodu kierownicy<\/p>\n\n\n\n<p class=\"has-text-align-center\"><strong>TRENINGI<\/strong><\/p>\n\n\n\n<p class=\"has-text-align-center has-small-font-size\">Treningi przed zawodami odbywaj\u0105 si\u0119 wg podzia\u0142u na kategorie.<br>Przed ka\u017cd\u0105 rund\u0105 podawany jest harmonogram treningowych przejazd\u00f3w<\/p>\n\n\n\n<p class=\"has-text-align-center\"><strong>RYWALIZACJA<\/strong><\/p>\n\n\n\n<p class=\"has-text-align-center has-small-font-size\"><strong>Eliminacje&nbsp;<\/strong>&#8211; ka\u017cdy ma dwie pr\u00f3by. Pod uwag\u0119 bierzemy czas.&nbsp; Najlepszych 16 w ka\u017cdej kategorii awansuje do fazy play-off (8 je\u017celi b\u0119dzie startuj\u0105cych mniej ni\u017c 16 lub 4 je\u017celi startuj\u0105cych b\u0119dzie mniej ni\u017c 8)<br><strong>Play-Off<\/strong>&nbsp;&#8211; startuj\u0105 zawodnicy kt\u00f3rzy wywalczyli awans. Zawodnicy dobierani s\u0105 w pary. Zawodnik z lepszym czasem przechodzi dalej, przegrywaj\u0105cy odpada<\/p>\n","protected":false},"excerpt":{"rendered":"<p>WALCZ O TYTU\u0141 NAJSZYBSZEJ POLKI I NASZYBSZEGO POLAKANA PUMPTRACKU W KATEGORIACH PRO, KOBIETY, AMATOR, JUNIOR, KIDS ORGANIZATOR CYKLU: SFERA SPORTUPARTNERZY: BT PROJECT, RED BULL, NS BIKES, SOUND OF GRAVITY Strona zawod\u00f3w: pompuje.pl &amp; fb.com\/pompuje WYNIKI NA \u017bYWO Edycja Lokalizacja Data Treningi \/ Start Zapisy Wyniki ko\u0144cowe #1 Kudowa Zdr\u00f3j 2023.05.06 10:00 \/ 13:00 ZAPISY WYNIKI&hellip; <br \/> <a class=\"read-more\" href=\"https:\/\/rewosport.pl\/?page_id=2500\">Dowiedz si\u0119 wi\u0119cej<\/a><\/p>\n","protected":false},"author":1,"featured_media":1884,"parent":0,"menu_order":0,"comment_status":"closed","ping_status":"closed","template":"","meta":{"footnotes":""},"class_list":["post-2500","page","type-page","status-publish","has-post-thumbnail","hentry"],"yoast_head":"<!-- This site is optimized with the Yoast SEO plugin v27.5 - https:\/\/yoast.com\/product\/yoast-seo-wordpress\/ -->\n<title>2023 - Nie Pompujesz - Nie Jedziesz - pomiar czasu - chipy, fotokom\u00f3rki - zawody sportowe, obozy sportowe<\/title>\n<meta name=\"robots\" content=\"index, follow, max-snippet:-1, max-image-preview:large, max-video-preview:-1\" \/>\n<link rel=\"canonical\" href=\"https:\/\/rewosport.pl\/?page_id=2500\" \/>\n<meta property=\"og:locale\" content=\"pl_PL\" \/>\n<meta property=\"og:type\" content=\"article\" \/>\n<meta property=\"og:title\" content=\"2023 - Nie Pompujesz - Nie Jedziesz - pomiar czasu - chipy, fotokom\u00f3rki - zawody sportowe, obozy sportowe\" \/>\n<meta property=\"og:description\" content=\"WALCZ O TYTU\u0141 NAJSZYBSZEJ POLKI I NASZYBSZEGO POLAKANA PUMPTRACKU W KATEGORIACH PRO, KOBIETY, AMATOR, JUNIOR, KIDS ORGANIZATOR CYKLU: SFERA SPORTUPARTNERZY: BT PROJECT, RED BULL, NS BIKES, SOUND OF GRAVITY Strona zawod\u00f3w: pompuje.pl &amp; fb.com\/pompuje WYNIKI NA \u017bYWO Edycja Lokalizacja Data Treningi \/ Start Zapisy Wyniki ko\u0144cowe #1 Kudowa Zdr\u00f3j 2023.05.06 10:00 \/ 13:00 ZAPISY WYNIKI&hellip; Dowiedz si\u0119 wi\u0119cej\" \/>\n<meta property=\"og:url\" content=\"https:\/\/rewosport.pl\/?page_id=2500\" \/>\n<meta property=\"og:site_name\" content=\"pomiar czasu - chipy, fotokom\u00f3rki - zawody sportowe, obozy sportowe\" \/>\n<meta property=\"article:modified_time\" content=\"2023-07-17T12:03:36+00:00\" \/>\n<meta property=\"og:image\" content=\"https:\/\/rewosport.pl\/wp-content\/uploads\/2022\/06\/IMG_20220612_133855-scaled.jpg\" \/>\n\t<meta property=\"og:image:width\" content=\"2560\" \/>\n\t<meta property=\"og:image:height\" content=\"1920\" \/>\n\t<meta property=\"og:image:type\" content=\"image\/jpeg\" \/>\n<meta name=\"twitter:card\" content=\"summary_large_image\" \/>\n<meta name=\"twitter:label1\" content=\"Szacowany czas czytania\" \/>\n\t<meta name=\"twitter:data1\" content=\"3 minuty\" \/>\n<script type=\"application\/ld+json\" class=\"yoast-schema-graph\">{\"@context\":\"https:\\\/\\\/schema.org\",\"@graph\":[{\"@type\":\"WebPage\",\"@id\":\"https:\\\/\\\/rewosport.pl\\\/?page_id=2500\",\"url\":\"https:\\\/\\\/rewosport.pl\\\/?page_id=2500\",\"name\":\"2023 - Nie Pompujesz - Nie Jedziesz - pomiar czasu - chipy, fotokom\u00f3rki - zawody sportowe, obozy sportowe\",\"isPartOf\":{\"@id\":\"https:\\\/\\\/rewosport.pl\\\/#website\"},\"primaryImageOfPage\":{\"@id\":\"https:\\\/\\\/rewosport.pl\\\/?page_id=2500#primaryimage\"},\"image\":{\"@id\":\"https:\\\/\\\/rewosport.pl\\\/?page_id=2500#primaryimage\"},\"thumbnailUrl\":\"https:\\\/\\\/rewosport.pl\\\/wp-content\\\/uploads\\\/2022\\\/06\\\/IMG_20220612_133855-scaled.jpg\",\"datePublished\":\"2023-03-27T17:08:34+00:00\",\"dateModified\":\"2023-07-17T12:03:36+00:00\",\"breadcrumb\":{\"@id\":\"https:\\\/\\\/rewosport.pl\\\/?page_id=2500#breadcrumb\"},\"inLanguage\":\"pl-PL\",\"potentialAction\":[{\"@type\":\"ReadAction\",\"target\":[\"https:\\\/\\\/rewosport.pl\\\/?page_id=2500\"]}]},{\"@type\":\"ImageObject\",\"inLanguage\":\"pl-PL\",\"@id\":\"https:\\\/\\\/rewosport.pl\\\/?page_id=2500#primaryimage\",\"url\":\"https:\\\/\\\/rewosport.pl\\\/wp-content\\\/uploads\\\/2022\\\/06\\\/IMG_20220612_133855-scaled.jpg\",\"contentUrl\":\"https:\\\/\\\/rewosport.pl\\\/wp-content\\\/uploads\\\/2022\\\/06\\\/IMG_20220612_133855-scaled.jpg\",\"width\":2560,\"height\":1920},{\"@type\":\"BreadcrumbList\",\"@id\":\"https:\\\/\\\/rewosport.pl\\\/?page_id=2500#breadcrumb\",\"itemListElement\":[{\"@type\":\"ListItem\",\"position\":1,\"name\":\"Home\",\"item\":\"https:\\\/\\\/rewosport.pl\\\/\"},{\"@type\":\"ListItem\",\"position\":2,\"name\":\"2023 &#8211; Nie Pompujesz &#8211; Nie Jedziesz\"}]},{\"@type\":\"WebSite\",\"@id\":\"https:\\\/\\\/rewosport.pl\\\/#website\",\"url\":\"https:\\\/\\\/rewosport.pl\\\/\",\"name\":\"pomiar czasu - chipy, fotokom\u00f3rki - zawody sportowe, obozy sportowe\",\"description\":\"elektroniczny pomiar czasu na zawodach sportowych - chipy, fotokom\u00f3rki; organizator zawod\u00f3w sportowych - biegowych, rowerowych, oboz\u00f3w sportowych,\",\"publisher\":{\"@id\":\"https:\\\/\\\/rewosport.pl\\\/#organization\"},\"potentialAction\":[{\"@type\":\"SearchAction\",\"target\":{\"@type\":\"EntryPoint\",\"urlTemplate\":\"https:\\\/\\\/rewosport.pl\\\/?s={search_term_string}\"},\"query-input\":{\"@type\":\"PropertyValueSpecification\",\"valueRequired\":true,\"valueName\":\"search_term_string\"}}],\"inLanguage\":\"pl-PL\"},{\"@type\":\"Organization\",\"@id\":\"https:\\\/\\\/rewosport.pl\\\/#organization\",\"name\":\"pomiar czasu - chipy, fotokom\u00f3rki - zawody sportowe, obozy sportowe\",\"url\":\"https:\\\/\\\/rewosport.pl\\\/\",\"logo\":{\"@type\":\"ImageObject\",\"inLanguage\":\"pl-PL\",\"@id\":\"https:\\\/\\\/rewosport.pl\\\/#\\\/schema\\\/logo\\\/image\\\/\",\"url\":\"https:\\\/\\\/rewosport.pl\\\/wp-content\\\/uploads\\\/2020\\\/07\\\/logo_rewosport.png\",\"contentUrl\":\"https:\\\/\\\/rewosport.pl\\\/wp-content\\\/uploads\\\/2020\\\/07\\\/logo_rewosport.png\",\"width\":346,\"height\":200,\"caption\":\"pomiar czasu - chipy, fotokom\u00f3rki - zawody sportowe, obozy sportowe\"},\"image\":{\"@id\":\"https:\\\/\\\/rewosport.pl\\\/#\\\/schema\\\/logo\\\/image\\\/\"}}]}<\/script>\n<!-- \/ Yoast SEO plugin. -->","yoast_head_json":{"title":"2023 - Nie Pompujesz - Nie Jedziesz - pomiar czasu - chipy, fotokom\u00f3rki - zawody sportowe, obozy sportowe","robots":{"index":"index","follow":"follow","max-snippet":"max-snippet:-1","max-image-preview":"max-image-preview:large","max-video-preview":"max-video-preview:-1"},"canonical":"https:\/\/rewosport.pl\/?page_id=2500","og_locale":"pl_PL","og_type":"article","og_title":"2023 - Nie Pompujesz - Nie Jedziesz - pomiar czasu - chipy, fotokom\u00f3rki - zawody sportowe, obozy sportowe","og_description":"WALCZ O TYTU\u0141 NAJSZYBSZEJ POLKI I NASZYBSZEGO POLAKANA PUMPTRACKU W KATEGORIACH PRO, KOBIETY, AMATOR, JUNIOR, KIDS ORGANIZATOR CYKLU: SFERA SPORTUPARTNERZY: BT PROJECT, RED BULL, NS BIKES, SOUND OF GRAVITY Strona zawod\u00f3w: pompuje.pl &amp; fb.com\/pompuje WYNIKI NA \u017bYWO Edycja Lokalizacja Data Treningi \/ Start Zapisy Wyniki ko\u0144cowe #1 Kudowa Zdr\u00f3j 2023.05.06 10:00 \/ 13:00 ZAPISY WYNIKI&hellip; Dowiedz si\u0119 wi\u0119cej","og_url":"https:\/\/rewosport.pl\/?page_id=2500","og_site_name":"pomiar czasu - chipy, fotokom\u00f3rki - zawody sportowe, obozy sportowe","article_modified_time":"2023-07-17T12:03:36+00:00","og_image":[{"width":2560,"height":1920,"url":"https:\/\/rewosport.pl\/wp-content\/uploads\/2022\/06\/IMG_20220612_133855-scaled.jpg","type":"image\/jpeg"}],"twitter_card":"summary_large_image","twitter_misc":{"Szacowany czas czytania":"3 minuty"},"schema":{"@context":"https:\/\/schema.org","@graph":[{"@type":"WebPage","@id":"https:\/\/rewosport.pl\/?page_id=2500","url":"https:\/\/rewosport.pl\/?page_id=2500","name":"2023 - Nie Pompujesz - Nie Jedziesz - pomiar czasu - chipy, fotokom\u00f3rki - zawody sportowe, obozy sportowe","isPartOf":{"@id":"https:\/\/rewosport.pl\/#website"},"primaryImageOfPage":{"@id":"https:\/\/rewosport.pl\/?page_id=2500#primaryimage"},"image":{"@id":"https:\/\/rewosport.pl\/?page_id=2500#primaryimage"},"thumbnailUrl":"https:\/\/rewosport.pl\/wp-content\/uploads\/2022\/06\/IMG_20220612_133855-scaled.jpg","datePublished":"2023-03-27T17:08:34+00:00","dateModified":"2023-07-17T12:03:36+00:00","breadcrumb":{"@id":"https:\/\/rewosport.pl\/?page_id=2500#breadcrumb"},"inLanguage":"pl-PL","potentialAction":[{"@type":"ReadAction","target":["https:\/\/rewosport.pl\/?page_id=2500"]}]},{"@type":"ImageObject","inLanguage":"pl-PL","@id":"https:\/\/rewosport.pl\/?page_id=2500#primaryimage","url":"https:\/\/rewosport.pl\/wp-content\/uploads\/2022\/06\/IMG_20220612_133855-scaled.jpg","contentUrl":"https:\/\/rewosport.pl\/wp-content\/uploads\/2022\/06\/IMG_20220612_133855-scaled.jpg","width":2560,"height":1920},{"@type":"BreadcrumbList","@id":"https:\/\/rewosport.pl\/?page_id=2500#breadcrumb","itemListElement":[{"@type":"ListItem","position":1,"name":"Home","item":"https:\/\/rewosport.pl\/"},{"@type":"ListItem","position":2,"name":"2023 &#8211; Nie Pompujesz &#8211; Nie Jedziesz"}]},{"@type":"WebSite","@id":"https:\/\/rewosport.pl\/#website","url":"https:\/\/rewosport.pl\/","name":"pomiar czasu - chipy, fotokom\u00f3rki - zawody sportowe, obozy sportowe","description":"elektroniczny pomiar czasu na zawodach sportowych - chipy, fotokom\u00f3rki; organizator zawod\u00f3w sportowych - biegowych, rowerowych, oboz\u00f3w sportowych,","publisher":{"@id":"https:\/\/rewosport.pl\/#organization"},"potentialAction":[{"@type":"SearchAction","target":{"@type":"EntryPoint","urlTemplate":"https:\/\/rewosport.pl\/?s={search_term_string}"},"query-input":{"@type":"PropertyValueSpecification","valueRequired":true,"valueName":"search_term_string"}}],"inLanguage":"pl-PL"},{"@type":"Organization","@id":"https:\/\/rewosport.pl\/#organization","name":"pomiar czasu - chipy, fotokom\u00f3rki - zawody sportowe, obozy sportowe","url":"https:\/\/rewosport.pl\/","logo":{"@type":"ImageObject","inLanguage":"pl-PL","@id":"https:\/\/rewosport.pl\/#\/schema\/logo\/image\/","url":"https:\/\/rewosport.pl\/wp-content\/uploads\/2020\/07\/logo_rewosport.png","contentUrl":"https:\/\/rewosport.pl\/wp-content\/uploads\/2020\/07\/logo_rewosport.png","width":346,"height":200,"caption":"pomiar czasu - chipy, fotokom\u00f3rki - zawody sportowe, obozy sportowe"},"image":{"@id":"https:\/\/rewosport.pl\/#\/schema\/logo\/image\/"}}]}},"_links":{"self":[{"href":"https:\/\/rewosport.pl\/index.php?rest_route=\/wp\/v2\/pages\/2500","targetHints":{"allow":["GET"]}}],"collection":[{"href":"https:\/\/rewosport.pl\/index.php?rest_route=\/wp\/v2\/pages"}],"about":[{"href":"https:\/\/rewosport.pl\/index.php?rest_route=\/wp\/v2\/types\/page"}],"author":[{"embeddable":true,"href":"https:\/\/rewosport.pl\/index.php?rest_route=\/wp\/v2\/users\/1"}],"replies":[{"embeddable":true,"href":"https:\/\/rewosport.pl\/index.php?rest_route=%2Fwp%2Fv2%2Fcomments&post=2500"}],"version-history":[{"count":31,"href":"https:\/\/rewosport.pl\/index.php?rest_route=\/wp\/v2\/pages\/2500\/revisions"}],"predecessor-version":[{"id":2737,"href":"https:\/\/rewosport.pl\/index.php?rest_route=\/wp\/v2\/pages\/2500\/revisions\/2737"}],"wp:featuredmedia":[{"embeddable":true,"href":"https:\/\/rewosport.pl\/index.php?rest_route=\/wp\/v2\/media\/1884"}],"wp:attachment":[{"href":"https:\/\/rewosport.pl\/index.php?rest_route=%2Fwp%2Fv2%2Fmedia&parent=2500"}],"curies":[{"name":"wp","href":"https:\/\/api.w.org\/{rel}","templated":true}]}}