{"id":3092,"date":"2024-03-25T20:40:30","date_gmt":"2024-03-25T19:40:30","guid":{"rendered":"https:\/\/rewosport.pl\/?page_id=3092"},"modified":"2024-06-01T22:02:35","modified_gmt":"2024-06-01T20:02:35","slug":"2024-06-01-nie-pompuje-nie-jedziesz-3-regulice-alwernia","status":"publish","type":"page","link":"https:\/\/rewosport.pl\/?page_id=3092","title":{"rendered":"2024.06.01 &#8211; Nie Pompuje Nie Jedziesz #3 &#8211; Regulice (Alwernia)"},"content":{"rendered":"\n<p class=\"has-text-align-center has-medium-font-size\"><strong>WYNIKI KO\u0143COWE<\/strong><\/p>\n\n\n\n<p class=\"has-text-align-center has-small-font-size\"><em>szczeg\u00f3\u0142owe wyniki ko\u0144cowe, wraz z drabinkami play-off fina\u0142\u00f3w, zostan\u0105 tutaj opublikowane do 24 godzin od zako\u0144czenia zawod\u00f3w<\/em><\/p>\n\n\n\n<figure class=\"wp-block-table aligncenter is-style-stripes has-small-font-size\"><table class=\"has-white-background-color has-background has-fixed-layout\"><tbody><tr><td class=\"has-text-align-left\" data-align=\"left\"><strong>ELIMINACJE &#8211; wszystkie kategorie<\/strong><\/td><td class=\"has-text-align-center\" data-align=\"center\"><a href=\"https:\/\/rewosport.pl\/wp-content\/uploads\/2024\/06\/2024.06.01.Regulice.wyniki.eliminacje.pdf\" target=\"_blank\" rel=\"noreferrer noopener\">wyniki<\/a><\/td><td class=\"has-text-align-center\" data-align=\"center\"><\/td><\/tr><tr><td class=\"has-text-align-left\" data-align=\"left\"><strong>FINA\u0141Y &#8211; kategoria KIDS<\/strong><\/td><td class=\"has-text-align-center\" data-align=\"center\"><a href=\"https:\/\/rewosport.pl\/wp-content\/uploads\/2024\/06\/2024.06.01.Regulice.wyniki.KIDS_.pdf\" target=\"_blank\" rel=\"noreferrer noopener\">wyniki<\/a><\/td><td class=\"has-text-align-center\" data-align=\"center\"><\/td><\/tr><tr><td class=\"has-text-align-left\" data-align=\"left\"><strong>FINA\u0141Y &#8211; kategoria JUNIOR<\/strong><\/td><td class=\"has-text-align-center\" data-align=\"center\"><a href=\"https:\/\/rewosport.pl\/wp-content\/uploads\/2024\/06\/2024.06.01.Regulice.wyniki.JUNIOR.pdf\" target=\"_blank\" rel=\"noreferrer noopener\">wyniki<\/a><\/td><td class=\"has-text-align-center\" data-align=\"center\"><a href=\"https:\/\/rewosport.pl\/wp-content\/uploads\/2024\/06\/2024.06.01.Regulice.wyniki.JUNIOR.drabinka.pdf\" target=\"_blank\" rel=\"noreferrer noopener\">drabinka<\/a><\/td><\/tr><tr><td class=\"has-text-align-left\" data-align=\"left\"><strong>FINA\u0141Y &#8211; kategoria KOBIETY<\/strong><\/td><td class=\"has-text-align-center\" data-align=\"center\"><a href=\"https:\/\/rewosport.pl\/wp-content\/uploads\/2024\/06\/2024.06.01.Regulice.wyniki.KOBIETY.pdf\" target=\"_blank\" rel=\"noreferrer noopener\">wyniki<\/a><\/td><td class=\"has-text-align-center\" data-align=\"center\"><a href=\"https:\/\/rewosport.pl\/wp-content\/uploads\/2024\/06\/2024.06.01.Regulice.wyniki.KOBIETY.drabinka.pdf\" target=\"_blank\" rel=\"noreferrer noopener\">drabinka<\/a><\/td><\/tr><tr><td class=\"has-text-align-left\" data-align=\"left\"><strong>FINA\u0141Y &#8211; kategoria AMATOR<\/strong><\/td><td class=\"has-text-align-center\" data-align=\"center\"><a href=\"https:\/\/rewosport.pl\/wp-content\/uploads\/2024\/06\/2024.06.01.Regulice.wyniki.AMATOR.pdf\" target=\"_blank\" rel=\"noreferrer noopener\">wyniki<\/a><\/td><td class=\"has-text-align-center\" data-align=\"center\"><a href=\"https:\/\/rewosport.pl\/wp-content\/uploads\/2024\/06\/2024.06.01.Regulice.wyniki.AMATOR.drabinka.pdf\" target=\"_blank\" rel=\"noreferrer noopener\">drabinka<\/a><\/td><\/tr><tr><td class=\"has-text-align-left\" data-align=\"left\"><strong>FINA\u0141Y &#8211; kategoria PRO<\/strong><\/td><td class=\"has-text-align-center\" data-align=\"center\"><a href=\"https:\/\/rewosport.pl\/wp-content\/uploads\/2024\/06\/2024.06.01.Regulice.wyniki.PRO_.pdf\" target=\"_blank\" rel=\"noreferrer noopener\">wyniki<\/a><\/td><td class=\"has-text-align-center\" data-align=\"center\"><a href=\"https:\/\/rewosport.pl\/wp-content\/uploads\/2024\/06\/2024.06.01.Regulice.wyniki.PRO_.drabinka.pdf\" target=\"_blank\" rel=\"noreferrer noopener\">drabinka<\/a><\/td><\/tr><\/tbody><\/table><\/figure>\n","protected":false},"excerpt":{"rendered":"<p>WYNIKI KO\u0143COWE szczeg\u00f3\u0142owe wyniki ko\u0144cowe, wraz z drabinkami play-off fina\u0142\u00f3w, zostan\u0105 tutaj opublikowane do 24 godzin od zako\u0144czenia zawod\u00f3w ELIMINACJE &#8211; wszystkie kategorie wyniki FINA\u0141Y &#8211; kategoria KIDS wyniki FINA\u0141Y &#8211; kategoria JUNIOR wyniki drabinka FINA\u0141Y &#8211; kategoria KOBIETY wyniki drabinka FINA\u0141Y &#8211; kategoria AMATOR wyniki drabinka FINA\u0141Y &#8211; kategoria PRO wyniki drabinka<\/p>\n","protected":false},"author":2,"featured_media":1884,"parent":0,"menu_order":0,"comment_status":"closed","ping_status":"closed","template":"","meta":{"footnotes":""},"class_list":["post-3092","page","type-page","status-publish","has-post-thumbnail","hentry"],"yoast_head":"<!-- This site is optimized with the Yoast SEO plugin v27.4 - https:\/\/yoast.com\/product\/yoast-seo-wordpress\/ -->\n<title>2024.06.01 - Nie Pompuje Nie Jedziesz #3 - Regulice (Alwernia) - pomiar czasu - chipy, fotokom\u00f3rki - zawody sportowe, obozy sportowe<\/title>\n<meta name=\"robots\" content=\"index, follow, max-snippet:-1, max-image-preview:large, max-video-preview:-1\" \/>\n<link rel=\"canonical\" href=\"https:\/\/rewosport.pl\/?page_id=3092\" \/>\n<meta property=\"og:locale\" content=\"pl_PL\" \/>\n<meta property=\"og:type\" content=\"article\" \/>\n<meta property=\"og:title\" content=\"2024.06.01 - Nie Pompuje Nie Jedziesz #3 - Regulice (Alwernia) - pomiar czasu - chipy, fotokom\u00f3rki - zawody sportowe, obozy sportowe\" \/>\n<meta property=\"og:description\" content=\"WYNIKI KO\u0143COWE szczeg\u00f3\u0142owe wyniki ko\u0144cowe, wraz z drabinkami play-off fina\u0142\u00f3w, zostan\u0105 tutaj opublikowane do 24 godzin od zako\u0144czenia zawod\u00f3w ELIMINACJE &#8211; wszystkie kategorie wyniki FINA\u0141Y &#8211; kategoria KIDS wyniki FINA\u0141Y &#8211; kategoria JUNIOR wyniki drabinka FINA\u0141Y &#8211; kategoria KOBIETY wyniki drabinka FINA\u0141Y &#8211; kategoria AMATOR wyniki drabinka FINA\u0141Y &#8211; kategoria PRO wyniki drabinka\" \/>\n<meta property=\"og:url\" content=\"https:\/\/rewosport.pl\/?page_id=3092\" \/>\n<meta property=\"og:site_name\" content=\"pomiar czasu - chipy, fotokom\u00f3rki - zawody sportowe, obozy sportowe\" \/>\n<meta property=\"article:modified_time\" content=\"2024-06-01T20:02:35+00:00\" \/>\n<meta property=\"og:image\" content=\"https:\/\/rewosport.pl\/wp-content\/uploads\/2022\/06\/IMG_20220612_133855-scaled.jpg\" \/>\n\t<meta property=\"og:image:width\" content=\"2560\" \/>\n\t<meta property=\"og:image:height\" content=\"1920\" \/>\n\t<meta property=\"og:image:type\" content=\"image\/jpeg\" \/>\n<meta name=\"twitter:card\" content=\"summary_large_image\" \/>\n<meta name=\"twitter:label1\" content=\"Szacowany czas czytania\" \/>\n\t<meta name=\"twitter:data1\" content=\"1 minuta\" \/>\n<script type=\"application\/ld+json\" class=\"yoast-schema-graph\">{\"@context\":\"https:\\\/\\\/schema.org\",\"@graph\":[{\"@type\":\"WebPage\",\"@id\":\"https:\\\/\\\/rewosport.pl\\\/?page_id=3092\",\"url\":\"https:\\\/\\\/rewosport.pl\\\/?page_id=3092\",\"name\":\"2024.06.01 - Nie Pompuje Nie Jedziesz #3 - Regulice (Alwernia) - pomiar czasu - chipy, fotokom\u00f3rki - zawody sportowe, obozy sportowe\",\"isPartOf\":{\"@id\":\"https:\\\/\\\/rewosport.pl\\\/#website\"},\"primaryImageOfPage\":{\"@id\":\"https:\\\/\\\/rewosport.pl\\\/?page_id=3092#primaryimage\"},\"image\":{\"@id\":\"https:\\\/\\\/rewosport.pl\\\/?page_id=3092#primaryimage\"},\"thumbnailUrl\":\"https:\\\/\\\/rewosport.pl\\\/wp-content\\\/uploads\\\/2022\\\/06\\\/IMG_20220612_133855-scaled.jpg\",\"datePublished\":\"2024-03-25T19:40:30+00:00\",\"dateModified\":\"2024-06-01T20:02:35+00:00\",\"breadcrumb\":{\"@id\":\"https:\\\/\\\/rewosport.pl\\\/?page_id=3092#breadcrumb\"},\"inLanguage\":\"pl-PL\",\"potentialAction\":[{\"@type\":\"ReadAction\",\"target\":[\"https:\\\/\\\/rewosport.pl\\\/?page_id=3092\"]}]},{\"@type\":\"ImageObject\",\"inLanguage\":\"pl-PL\",\"@id\":\"https:\\\/\\\/rewosport.pl\\\/?page_id=3092#primaryimage\",\"url\":\"https:\\\/\\\/rewosport.pl\\\/wp-content\\\/uploads\\\/2022\\\/06\\\/IMG_20220612_133855-scaled.jpg\",\"contentUrl\":\"https:\\\/\\\/rewosport.pl\\\/wp-content\\\/uploads\\\/2022\\\/06\\\/IMG_20220612_133855-scaled.jpg\",\"width\":2560,\"height\":1920},{\"@type\":\"BreadcrumbList\",\"@id\":\"https:\\\/\\\/rewosport.pl\\\/?page_id=3092#breadcrumb\",\"itemListElement\":[{\"@type\":\"ListItem\",\"position\":1,\"name\":\"Home\",\"item\":\"https:\\\/\\\/rewosport.pl\\\/\"},{\"@type\":\"ListItem\",\"position\":2,\"name\":\"2024.06.01 &#8211; Nie Pompuje Nie Jedziesz #3 &#8211; Regulice (Alwernia)\"}]},{\"@type\":\"WebSite\",\"@id\":\"https:\\\/\\\/rewosport.pl\\\/#website\",\"url\":\"https:\\\/\\\/rewosport.pl\\\/\",\"name\":\"pomiar czasu - chipy, fotokom\u00f3rki - zawody sportowe, obozy sportowe\",\"description\":\"elektroniczny pomiar czasu na zawodach sportowych - chipy, fotokom\u00f3rki; organizator zawod\u00f3w sportowych - biegowych, rowerowych, oboz\u00f3w sportowych,\",\"publisher\":{\"@id\":\"https:\\\/\\\/rewosport.pl\\\/#organization\"},\"potentialAction\":[{\"@type\":\"SearchAction\",\"target\":{\"@type\":\"EntryPoint\",\"urlTemplate\":\"https:\\\/\\\/rewosport.pl\\\/?s={search_term_string}\"},\"query-input\":{\"@type\":\"PropertyValueSpecification\",\"valueRequired\":true,\"valueName\":\"search_term_string\"}}],\"inLanguage\":\"pl-PL\"},{\"@type\":\"Organization\",\"@id\":\"https:\\\/\\\/rewosport.pl\\\/#organization\",\"name\":\"pomiar czasu - chipy, fotokom\u00f3rki - zawody sportowe, obozy sportowe\",\"url\":\"https:\\\/\\\/rewosport.pl\\\/\",\"logo\":{\"@type\":\"ImageObject\",\"inLanguage\":\"pl-PL\",\"@id\":\"https:\\\/\\\/rewosport.pl\\\/#\\\/schema\\\/logo\\\/image\\\/\",\"url\":\"https:\\\/\\\/rewosport.pl\\\/wp-content\\\/uploads\\\/2020\\\/07\\\/logo_rewosport.png\",\"contentUrl\":\"https:\\\/\\\/rewosport.pl\\\/wp-content\\\/uploads\\\/2020\\\/07\\\/logo_rewosport.png\",\"width\":346,\"height\":200,\"caption\":\"pomiar czasu - chipy, fotokom\u00f3rki - zawody sportowe, obozy sportowe\"},\"image\":{\"@id\":\"https:\\\/\\\/rewosport.pl\\\/#\\\/schema\\\/logo\\\/image\\\/\"}}]}<\/script>\n<!-- \/ Yoast SEO plugin. -->","yoast_head_json":{"title":"2024.06.01 - Nie Pompuje Nie Jedziesz #3 - Regulice (Alwernia) - pomiar czasu - chipy, fotokom\u00f3rki - zawody sportowe, obozy sportowe","robots":{"index":"index","follow":"follow","max-snippet":"max-snippet:-1","max-image-preview":"max-image-preview:large","max-video-preview":"max-video-preview:-1"},"canonical":"https:\/\/rewosport.pl\/?page_id=3092","og_locale":"pl_PL","og_type":"article","og_title":"2024.06.01 - Nie Pompuje Nie Jedziesz #3 - Regulice (Alwernia) - pomiar czasu - chipy, fotokom\u00f3rki - zawody sportowe, obozy sportowe","og_description":"WYNIKI KO\u0143COWE szczeg\u00f3\u0142owe wyniki ko\u0144cowe, wraz z drabinkami play-off fina\u0142\u00f3w, zostan\u0105 tutaj opublikowane do 24 godzin od zako\u0144czenia zawod\u00f3w ELIMINACJE &#8211; wszystkie kategorie wyniki FINA\u0141Y &#8211; kategoria KIDS wyniki FINA\u0141Y &#8211; kategoria JUNIOR wyniki drabinka FINA\u0141Y &#8211; kategoria KOBIETY wyniki drabinka FINA\u0141Y &#8211; kategoria AMATOR wyniki drabinka FINA\u0141Y &#8211; kategoria PRO wyniki drabinka","og_url":"https:\/\/rewosport.pl\/?page_id=3092","og_site_name":"pomiar czasu - chipy, fotokom\u00f3rki - zawody sportowe, obozy sportowe","article_modified_time":"2024-06-01T20:02:35+00:00","og_image":[{"width":2560,"height":1920,"url":"https:\/\/rewosport.pl\/wp-content\/uploads\/2022\/06\/IMG_20220612_133855-scaled.jpg","type":"image\/jpeg"}],"twitter_card":"summary_large_image","twitter_misc":{"Szacowany czas czytania":"1 minuta"},"schema":{"@context":"https:\/\/schema.org","@graph":[{"@type":"WebPage","@id":"https:\/\/rewosport.pl\/?page_id=3092","url":"https:\/\/rewosport.pl\/?page_id=3092","name":"2024.06.01 - Nie Pompuje Nie Jedziesz #3 - Regulice (Alwernia) - pomiar czasu - chipy, fotokom\u00f3rki - zawody sportowe, obozy sportowe","isPartOf":{"@id":"https:\/\/rewosport.pl\/#website"},"primaryImageOfPage":{"@id":"https:\/\/rewosport.pl\/?page_id=3092#primaryimage"},"image":{"@id":"https:\/\/rewosport.pl\/?page_id=3092#primaryimage"},"thumbnailUrl":"https:\/\/rewosport.pl\/wp-content\/uploads\/2022\/06\/IMG_20220612_133855-scaled.jpg","datePublished":"2024-03-25T19:40:30+00:00","dateModified":"2024-06-01T20:02:35+00:00","breadcrumb":{"@id":"https:\/\/rewosport.pl\/?page_id=3092#breadcrumb"},"inLanguage":"pl-PL","potentialAction":[{"@type":"ReadAction","target":["https:\/\/rewosport.pl\/?page_id=3092"]}]},{"@type":"ImageObject","inLanguage":"pl-PL","@id":"https:\/\/rewosport.pl\/?page_id=3092#primaryimage","url":"https:\/\/rewosport.pl\/wp-content\/uploads\/2022\/06\/IMG_20220612_133855-scaled.jpg","contentUrl":"https:\/\/rewosport.pl\/wp-content\/uploads\/2022\/06\/IMG_20220612_133855-scaled.jpg","width":2560,"height":1920},{"@type":"BreadcrumbList","@id":"https:\/\/rewosport.pl\/?page_id=3092#breadcrumb","itemListElement":[{"@type":"ListItem","position":1,"name":"Home","item":"https:\/\/rewosport.pl\/"},{"@type":"ListItem","position":2,"name":"2024.06.01 &#8211; Nie Pompuje Nie Jedziesz #3 &#8211; Regulice (Alwernia)"}]},{"@type":"WebSite","@id":"https:\/\/rewosport.pl\/#website","url":"https:\/\/rewosport.pl\/","name":"pomiar czasu - chipy, fotokom\u00f3rki - zawody sportowe, obozy sportowe","description":"elektroniczny pomiar czasu na zawodach sportowych - chipy, fotokom\u00f3rki; organizator zawod\u00f3w sportowych - biegowych, rowerowych, oboz\u00f3w sportowych,","publisher":{"@id":"https:\/\/rewosport.pl\/#organization"},"potentialAction":[{"@type":"SearchAction","target":{"@type":"EntryPoint","urlTemplate":"https:\/\/rewosport.pl\/?s={search_term_string}"},"query-input":{"@type":"PropertyValueSpecification","valueRequired":true,"valueName":"search_term_string"}}],"inLanguage":"pl-PL"},{"@type":"Organization","@id":"https:\/\/rewosport.pl\/#organization","name":"pomiar czasu - chipy, fotokom\u00f3rki - zawody sportowe, obozy sportowe","url":"https:\/\/rewosport.pl\/","logo":{"@type":"ImageObject","inLanguage":"pl-PL","@id":"https:\/\/rewosport.pl\/#\/schema\/logo\/image\/","url":"https:\/\/rewosport.pl\/wp-content\/uploads\/2020\/07\/logo_rewosport.png","contentUrl":"https:\/\/rewosport.pl\/wp-content\/uploads\/2020\/07\/logo_rewosport.png","width":346,"height":200,"caption":"pomiar czasu - chipy, fotokom\u00f3rki - zawody sportowe, obozy sportowe"},"image":{"@id":"https:\/\/rewosport.pl\/#\/schema\/logo\/image\/"}}]}},"_links":{"self":[{"href":"https:\/\/rewosport.pl\/index.php?rest_route=\/wp\/v2\/pages\/3092","targetHints":{"allow":["GET"]}}],"collection":[{"href":"https:\/\/rewosport.pl\/index.php?rest_route=\/wp\/v2\/pages"}],"about":[{"href":"https:\/\/rewosport.pl\/index.php?rest_route=\/wp\/v2\/types\/page"}],"author":[{"embeddable":true,"href":"https:\/\/rewosport.pl\/index.php?rest_route=\/wp\/v2\/users\/2"}],"replies":[{"embeddable":true,"href":"https:\/\/rewosport.pl\/index.php?rest_route=%2Fwp%2Fv2%2Fcomments&post=3092"}],"version-history":[{"count":12,"href":"https:\/\/rewosport.pl\/index.php?rest_route=\/wp\/v2\/pages\/3092\/revisions"}],"predecessor-version":[{"id":3253,"href":"https:\/\/rewosport.pl\/index.php?rest_route=\/wp\/v2\/pages\/3092\/revisions\/3253"}],"wp:featuredmedia":[{"embeddable":true,"href":"https:\/\/rewosport.pl\/index.php?rest_route=\/wp\/v2\/media\/1884"}],"wp:attachment":[{"href":"https:\/\/rewosport.pl\/index.php?rest_route=%2Fwp%2Fv2%2Fmedia&parent=3092"}],"curies":[{"name":"wp","href":"https:\/\/api.w.org\/{rel}","templated":true}]}}