{"id":3336,"date":"2024-07-19T14:49:31","date_gmt":"2024-07-19T12:49:31","guid":{"rendered":"https:\/\/rewosport.pl\/?page_id=3336"},"modified":"2024-09-19T15:43:44","modified_gmt":"2024-09-19T13:43:44","slug":"uphill-mtb-stozek-2024","status":"publish","type":"page","link":"https:\/\/rewosport.pl\/?page_id=3336","title":{"rendered":"Uphill MTB Sto\u017cek 2024"},"content":{"rendered":"\n<p>Uphill MTB Sto\u017cek &#8211; jazda indywidualna na czas pod g\u00f3r\u0119. 3,8 km d\u0142ugo\u015bci i 380 m przewy\u017cszenia. <br>Jedna z najstarszych imprez MTB w Polsce &#8211; 6.10.2024 odb\u0119dzie si\u0119 XXVIII edycja! Zapraszamy<\/p>\n\n\n\n<p><a href=\"https:\/\/rewosport.pl\/wp-content\/uploads\/2024\/09\/2024.10.06.uphillstozek.regulamin.pdf\" target=\"_blank\" rel=\"noreferrer noopener\">REGULAMIN<\/a><br><a href=\"https:\/\/rewosport.pl\/?page_id=1994\">ZAPISY<\/a><br><a href=\"https:\/\/rewosport.pl\/?page_id=2044\">SKR\u00d3T INFORMACJI DLA STARTUJ\u0104CYCH<br><\/a><a href=\"https:\/\/rewosport.pl\/?page_id=589\">MAPA, PROFIL, GPX<br><\/a><a href=\"https:\/\/rewosport.pl\/?page_id=1288\">PARTNERZY<\/a><br><a href=\"https:\/\/www.facebook.com\/UphillMTBStozek\/\" target=\"_blank\" rel=\"noreferrer noopener\">FACEBOOK.COM\/UphillMTBstozek<\/a><\/p>\n\n\n\n<p><strong>UWAGA NOWO\u015a\u0106 &#8211; NAJSZYBSZY ZAWODNIK WEEKENDU<\/strong><br><strong>5.10.2024 (sobota)<\/strong> &#8211; Amatorskie Mistrzostwa Gliwic w kolarstwie g\u00f3rskim (MTB XC) + <strong>6.10.2024 (niedziela)<\/strong> &#8211; Uphill MTB Sto\u017cek =&gt; <strong>Najszybszy Zawodnik Weekendu<\/strong><br>&#8211; do klasyfikacji liczy si\u0119 suma czas\u00f3w zawodnika sk\u0142adaj\u0105ca si\u0119 z jego najszybszego okr\u0105\u017cenia (z wy\u0142\u0105czeniem pierwszego okr\u0105\u017cenia) wy\u015bcigu w Gliwicach oraz czasu jazdy w Uphill MTB Sto\u017cek<br>&#8211; klasyfikowani s\u0105 tylko zawodnicy \u015bcigaj\u0105cy si\u0119 w Gliwicach na du\u017cej rundzie<br>&#8211; nagrodzona b\u0119dzie tylko jedna osoba, bez wzgl\u0119du na kategori\u0119 &#8211; Najszybszy Zawodnik Weekendu<\/p>\n","protected":false},"excerpt":{"rendered":"<p>Uphill MTB Sto\u017cek &#8211; jazda indywidualna na czas pod g\u00f3r\u0119. 3,8 km d\u0142ugo\u015bci i 380 m przewy\u017cszenia. Jedna z najstarszych imprez MTB w Polsce &#8211; 6.10.2024 odb\u0119dzie si\u0119 XXVIII edycja! Zapraszamy REGULAMINZAPISYSKR\u00d3T INFORMACJI DLA STARTUJ\u0104CYCHMAPA, PROFIL, GPXPARTNERZYFACEBOOK.COM\/UphillMTBstozek UWAGA NOWO\u015a\u0106 &#8211; NAJSZYBSZY ZAWODNIK WEEKENDU5.10.2024 (sobota) &#8211; Amatorskie Mistrzostwa Gliwic w kolarstwie g\u00f3rskim (MTB XC) + 6.10.2024&hellip; <br \/> <a class=\"read-more\" href=\"https:\/\/rewosport.pl\/?page_id=3336\">Dowiedz si\u0119 wi\u0119cej<\/a><\/p>\n","protected":false},"author":2,"featured_media":2951,"parent":0,"menu_order":0,"comment_status":"closed","ping_status":"closed","template":"","meta":{"footnotes":""},"class_list":["post-3336","page","type-page","status-publish","has-post-thumbnail","hentry"],"yoast_head":"<!-- This site is optimized with the Yoast SEO plugin v27.4 - https:\/\/yoast.com\/product\/yoast-seo-wordpress\/ -->\n<title>Uphill MTB Sto\u017cek 2024 - pomiar czasu - chipy, fotokom\u00f3rki - zawody sportowe, obozy sportowe<\/title>\n<meta name=\"robots\" content=\"index, follow, max-snippet:-1, max-image-preview:large, max-video-preview:-1\" \/>\n<link rel=\"canonical\" href=\"https:\/\/rewosport.pl\/?page_id=3336\" \/>\n<meta property=\"og:locale\" content=\"pl_PL\" \/>\n<meta property=\"og:type\" content=\"article\" \/>\n<meta property=\"og:title\" content=\"Uphill MTB Sto\u017cek 2024 - pomiar czasu - chipy, fotokom\u00f3rki - zawody sportowe, obozy sportowe\" \/>\n<meta property=\"og:description\" content=\"Uphill MTB Sto\u017cek &#8211; jazda indywidualna na czas pod g\u00f3r\u0119. 3,8 km d\u0142ugo\u015bci i 380 m przewy\u017cszenia. Jedna z najstarszych imprez MTB w Polsce &#8211; 6.10.2024 odb\u0119dzie si\u0119 XXVIII edycja! Zapraszamy REGULAMINZAPISYSKR\u00d3T INFORMACJI DLA STARTUJ\u0104CYCHMAPA, PROFIL, GPXPARTNERZYFACEBOOK.COM\/UphillMTBstozek UWAGA NOWO\u015a\u0106 &#8211; NAJSZYBSZY ZAWODNIK WEEKENDU5.10.2024 (sobota) &#8211; Amatorskie Mistrzostwa Gliwic w kolarstwie g\u00f3rskim (MTB XC) + 6.10.2024&hellip; Dowiedz si\u0119 wi\u0119cej\" \/>\n<meta property=\"og:url\" content=\"https:\/\/rewosport.pl\/?page_id=3336\" \/>\n<meta property=\"og:site_name\" content=\"pomiar czasu - chipy, fotokom\u00f3rki - zawody sportowe, obozy sportowe\" \/>\n<meta property=\"article:modified_time\" content=\"2024-09-19T13:43:44+00:00\" \/>\n<meta property=\"og:image\" content=\"https:\/\/rewosport.pl\/wp-content\/uploads\/2023\/10\/DSC07918.jpg\" \/>\n\t<meta property=\"og:image:width\" content=\"2189\" \/>\n\t<meta property=\"og:image:height\" content=\"1232\" \/>\n\t<meta property=\"og:image:type\" content=\"image\/jpeg\" \/>\n<meta name=\"twitter:card\" content=\"summary_large_image\" \/>\n<meta name=\"twitter:label1\" content=\"Szacowany czas czytania\" \/>\n\t<meta name=\"twitter:data1\" content=\"1 minuta\" \/>\n<script type=\"application\/ld+json\" class=\"yoast-schema-graph\">{\"@context\":\"https:\\\/\\\/schema.org\",\"@graph\":[{\"@type\":\"WebPage\",\"@id\":\"https:\\\/\\\/rewosport.pl\\\/?page_id=3336\",\"url\":\"https:\\\/\\\/rewosport.pl\\\/?page_id=3336\",\"name\":\"Uphill MTB Sto\u017cek 2024 - pomiar czasu - chipy, fotokom\u00f3rki - zawody sportowe, obozy sportowe\",\"isPartOf\":{\"@id\":\"https:\\\/\\\/rewosport.pl\\\/#website\"},\"primaryImageOfPage\":{\"@id\":\"https:\\\/\\\/rewosport.pl\\\/?page_id=3336#primaryimage\"},\"image\":{\"@id\":\"https:\\\/\\\/rewosport.pl\\\/?page_id=3336#primaryimage\"},\"thumbnailUrl\":\"https:\\\/\\\/rewosport.pl\\\/wp-content\\\/uploads\\\/2023\\\/10\\\/DSC07918.jpg\",\"datePublished\":\"2024-07-19T12:49:31+00:00\",\"dateModified\":\"2024-09-19T13:43:44+00:00\",\"breadcrumb\":{\"@id\":\"https:\\\/\\\/rewosport.pl\\\/?page_id=3336#breadcrumb\"},\"inLanguage\":\"pl-PL\",\"potentialAction\":[{\"@type\":\"ReadAction\",\"target\":[\"https:\\\/\\\/rewosport.pl\\\/?page_id=3336\"]}]},{\"@type\":\"ImageObject\",\"inLanguage\":\"pl-PL\",\"@id\":\"https:\\\/\\\/rewosport.pl\\\/?page_id=3336#primaryimage\",\"url\":\"https:\\\/\\\/rewosport.pl\\\/wp-content\\\/uploads\\\/2023\\\/10\\\/DSC07918.jpg\",\"contentUrl\":\"https:\\\/\\\/rewosport.pl\\\/wp-content\\\/uploads\\\/2023\\\/10\\\/DSC07918.jpg\",\"width\":2189,\"height\":1232},{\"@type\":\"BreadcrumbList\",\"@id\":\"https:\\\/\\\/rewosport.pl\\\/?page_id=3336#breadcrumb\",\"itemListElement\":[{\"@type\":\"ListItem\",\"position\":1,\"name\":\"Home\",\"item\":\"https:\\\/\\\/rewosport.pl\\\/\"},{\"@type\":\"ListItem\",\"position\":2,\"name\":\"Uphill MTB Sto\u017cek 2024\"}]},{\"@type\":\"WebSite\",\"@id\":\"https:\\\/\\\/rewosport.pl\\\/#website\",\"url\":\"https:\\\/\\\/rewosport.pl\\\/\",\"name\":\"pomiar czasu - chipy, fotokom\u00f3rki - zawody sportowe, obozy sportowe\",\"description\":\"elektroniczny pomiar czasu na zawodach sportowych - chipy, fotokom\u00f3rki; organizator zawod\u00f3w sportowych - biegowych, rowerowych, oboz\u00f3w sportowych,\",\"publisher\":{\"@id\":\"https:\\\/\\\/rewosport.pl\\\/#organization\"},\"potentialAction\":[{\"@type\":\"SearchAction\",\"target\":{\"@type\":\"EntryPoint\",\"urlTemplate\":\"https:\\\/\\\/rewosport.pl\\\/?s={search_term_string}\"},\"query-input\":{\"@type\":\"PropertyValueSpecification\",\"valueRequired\":true,\"valueName\":\"search_term_string\"}}],\"inLanguage\":\"pl-PL\"},{\"@type\":\"Organization\",\"@id\":\"https:\\\/\\\/rewosport.pl\\\/#organization\",\"name\":\"pomiar czasu - chipy, fotokom\u00f3rki - zawody sportowe, obozy sportowe\",\"url\":\"https:\\\/\\\/rewosport.pl\\\/\",\"logo\":{\"@type\":\"ImageObject\",\"inLanguage\":\"pl-PL\",\"@id\":\"https:\\\/\\\/rewosport.pl\\\/#\\\/schema\\\/logo\\\/image\\\/\",\"url\":\"https:\\\/\\\/rewosport.pl\\\/wp-content\\\/uploads\\\/2020\\\/07\\\/logo_rewosport.png\",\"contentUrl\":\"https:\\\/\\\/rewosport.pl\\\/wp-content\\\/uploads\\\/2020\\\/07\\\/logo_rewosport.png\",\"width\":346,\"height\":200,\"caption\":\"pomiar czasu - chipy, fotokom\u00f3rki - zawody sportowe, obozy sportowe\"},\"image\":{\"@id\":\"https:\\\/\\\/rewosport.pl\\\/#\\\/schema\\\/logo\\\/image\\\/\"}}]}<\/script>\n<!-- \/ Yoast SEO plugin. -->","yoast_head_json":{"title":"Uphill MTB Sto\u017cek 2024 - pomiar czasu - chipy, fotokom\u00f3rki - zawody sportowe, obozy sportowe","robots":{"index":"index","follow":"follow","max-snippet":"max-snippet:-1","max-image-preview":"max-image-preview:large","max-video-preview":"max-video-preview:-1"},"canonical":"https:\/\/rewosport.pl\/?page_id=3336","og_locale":"pl_PL","og_type":"article","og_title":"Uphill MTB Sto\u017cek 2024 - pomiar czasu - chipy, fotokom\u00f3rki - zawody sportowe, obozy sportowe","og_description":"Uphill MTB Sto\u017cek &#8211; jazda indywidualna na czas pod g\u00f3r\u0119. 3,8 km d\u0142ugo\u015bci i 380 m przewy\u017cszenia. Jedna z najstarszych imprez MTB w Polsce &#8211; 6.10.2024 odb\u0119dzie si\u0119 XXVIII edycja! Zapraszamy REGULAMINZAPISYSKR\u00d3T INFORMACJI DLA STARTUJ\u0104CYCHMAPA, PROFIL, GPXPARTNERZYFACEBOOK.COM\/UphillMTBstozek UWAGA NOWO\u015a\u0106 &#8211; NAJSZYBSZY ZAWODNIK WEEKENDU5.10.2024 (sobota) &#8211; Amatorskie Mistrzostwa Gliwic w kolarstwie g\u00f3rskim (MTB XC) + 6.10.2024&hellip; Dowiedz si\u0119 wi\u0119cej","og_url":"https:\/\/rewosport.pl\/?page_id=3336","og_site_name":"pomiar czasu - chipy, fotokom\u00f3rki - zawody sportowe, obozy sportowe","article_modified_time":"2024-09-19T13:43:44+00:00","og_image":[{"width":2189,"height":1232,"url":"https:\/\/rewosport.pl\/wp-content\/uploads\/2023\/10\/DSC07918.jpg","type":"image\/jpeg"}],"twitter_card":"summary_large_image","twitter_misc":{"Szacowany czas czytania":"1 minuta"},"schema":{"@context":"https:\/\/schema.org","@graph":[{"@type":"WebPage","@id":"https:\/\/rewosport.pl\/?page_id=3336","url":"https:\/\/rewosport.pl\/?page_id=3336","name":"Uphill MTB Sto\u017cek 2024 - pomiar czasu - chipy, fotokom\u00f3rki - zawody sportowe, obozy sportowe","isPartOf":{"@id":"https:\/\/rewosport.pl\/#website"},"primaryImageOfPage":{"@id":"https:\/\/rewosport.pl\/?page_id=3336#primaryimage"},"image":{"@id":"https:\/\/rewosport.pl\/?page_id=3336#primaryimage"},"thumbnailUrl":"https:\/\/rewosport.pl\/wp-content\/uploads\/2023\/10\/DSC07918.jpg","datePublished":"2024-07-19T12:49:31+00:00","dateModified":"2024-09-19T13:43:44+00:00","breadcrumb":{"@id":"https:\/\/rewosport.pl\/?page_id=3336#breadcrumb"},"inLanguage":"pl-PL","potentialAction":[{"@type":"ReadAction","target":["https:\/\/rewosport.pl\/?page_id=3336"]}]},{"@type":"ImageObject","inLanguage":"pl-PL","@id":"https:\/\/rewosport.pl\/?page_id=3336#primaryimage","url":"https:\/\/rewosport.pl\/wp-content\/uploads\/2023\/10\/DSC07918.jpg","contentUrl":"https:\/\/rewosport.pl\/wp-content\/uploads\/2023\/10\/DSC07918.jpg","width":2189,"height":1232},{"@type":"BreadcrumbList","@id":"https:\/\/rewosport.pl\/?page_id=3336#breadcrumb","itemListElement":[{"@type":"ListItem","position":1,"name":"Home","item":"https:\/\/rewosport.pl\/"},{"@type":"ListItem","position":2,"name":"Uphill MTB Sto\u017cek 2024"}]},{"@type":"WebSite","@id":"https:\/\/rewosport.pl\/#website","url":"https:\/\/rewosport.pl\/","name":"pomiar czasu - chipy, fotokom\u00f3rki - zawody sportowe, obozy sportowe","description":"elektroniczny pomiar czasu na zawodach sportowych - chipy, fotokom\u00f3rki; organizator zawod\u00f3w sportowych - biegowych, rowerowych, oboz\u00f3w sportowych,","publisher":{"@id":"https:\/\/rewosport.pl\/#organization"},"potentialAction":[{"@type":"SearchAction","target":{"@type":"EntryPoint","urlTemplate":"https:\/\/rewosport.pl\/?s={search_term_string}"},"query-input":{"@type":"PropertyValueSpecification","valueRequired":true,"valueName":"search_term_string"}}],"inLanguage":"pl-PL"},{"@type":"Organization","@id":"https:\/\/rewosport.pl\/#organization","name":"pomiar czasu - chipy, fotokom\u00f3rki - zawody sportowe, obozy sportowe","url":"https:\/\/rewosport.pl\/","logo":{"@type":"ImageObject","inLanguage":"pl-PL","@id":"https:\/\/rewosport.pl\/#\/schema\/logo\/image\/","url":"https:\/\/rewosport.pl\/wp-content\/uploads\/2020\/07\/logo_rewosport.png","contentUrl":"https:\/\/rewosport.pl\/wp-content\/uploads\/2020\/07\/logo_rewosport.png","width":346,"height":200,"caption":"pomiar czasu - chipy, fotokom\u00f3rki - zawody sportowe, obozy sportowe"},"image":{"@id":"https:\/\/rewosport.pl\/#\/schema\/logo\/image\/"}}]}},"_links":{"self":[{"href":"https:\/\/rewosport.pl\/index.php?rest_route=\/wp\/v2\/pages\/3336","targetHints":{"allow":["GET"]}}],"collection":[{"href":"https:\/\/rewosport.pl\/index.php?rest_route=\/wp\/v2\/pages"}],"about":[{"href":"https:\/\/rewosport.pl\/index.php?rest_route=\/wp\/v2\/types\/page"}],"author":[{"embeddable":true,"href":"https:\/\/rewosport.pl\/index.php?rest_route=\/wp\/v2\/users\/2"}],"replies":[{"embeddable":true,"href":"https:\/\/rewosport.pl\/index.php?rest_route=%2Fwp%2Fv2%2Fcomments&post=3336"}],"version-history":[{"count":3,"href":"https:\/\/rewosport.pl\/index.php?rest_route=\/wp\/v2\/pages\/3336\/revisions"}],"predecessor-version":[{"id":3458,"href":"https:\/\/rewosport.pl\/index.php?rest_route=\/wp\/v2\/pages\/3336\/revisions\/3458"}],"wp:featuredmedia":[{"embeddable":true,"href":"https:\/\/rewosport.pl\/index.php?rest_route=\/wp\/v2\/media\/2951"}],"wp:attachment":[{"href":"https:\/\/rewosport.pl\/index.php?rest_route=%2Fwp%2Fv2%2Fmedia&parent=3336"}],"curies":[{"name":"wp","href":"https:\/\/api.w.org\/{rel}","templated":true}]}}