{"id":3401,"date":"2024-09-02T20:57:49","date_gmt":"2024-09-02T18:57:49","guid":{"rendered":"https:\/\/rewosport.pl\/?page_id=3401"},"modified":"2024-09-21T16:50:17","modified_gmt":"2024-09-21T14:50:17","slug":"2024-09-nie-pompujesz-nie-jedziesz-for-fun","status":"publish","type":"page","link":"https:\/\/rewosport.pl\/?page_id=3401","title":{"rendered":"2024.09 &#8211; Nie Pompujesz &#8211; Nie Jedziesz &#8211; FOR FUN"},"content":{"rendered":"\n<div class=\"wp-block-media-text is-stacked-on-mobile\" style=\"grid-template-columns:18% auto\"><figure class=\"wp-block-media-text__media\"><img loading=\"lazy\" decoding=\"async\" width=\"478\" height=\"478\" src=\"https:\/\/rewosport.pl\/wp-content\/uploads\/2023\/03\/NPNJ.logo_.png\" alt=\"\" class=\"wp-image-2501 size-full\" srcset=\"https:\/\/rewosport.pl\/wp-content\/uploads\/2023\/03\/NPNJ.logo_.png 478w, https:\/\/rewosport.pl\/wp-content\/uploads\/2023\/03\/NPNJ.logo_-300x300.png 300w, https:\/\/rewosport.pl\/wp-content\/uploads\/2023\/03\/NPNJ.logo_-150x150.png 150w\" sizes=\"auto, (max-width: 478px) 100vw, 478px\" \/><\/figure><div class=\"wp-block-media-text__content\">\n<p class=\"has-text-align-center\" style=\"font-size:10px\"><strong>ORGANIZATOR CYKLU<\/strong>: SFERA SPORTU<br><strong>Wydarzenie wsp\u00f3\u0142finansowane z bud\u017cetu Ministerstwa Sportu i Turystyki<\/strong><\/p>\n\n\n\n<p class=\"has-text-align-center has-small-font-size\"><strong>Strona zawod\u00f3w: <a href=\"http:\/\/pompuje.pl\" target=\"_blank\" rel=\"noreferrer noopener\">pompuje.pl<\/a> &amp; <a href=\"https:\/\/www.facebook.com\/pompuje\" target=\"_blank\" rel=\"noreferrer noopener\">fb.com\/pompuje<\/a><\/strong><\/p>\n\n\n\n<p class=\"has-vivid-red-color has-text-color has-link-color has-small-font-size wp-elements-03a490ac21644e58a9bd90dcc67b0605\"><strong>UWAGA: zawody nie s\u0105 wliczane do klasyfikacji generalnej cyklu Nie Pompujesz Nie Jedziesz!<\/strong><\/p>\n\n\n\n<p>ze wzgl\u0119du na bardzo niekorzystn\u0105 prognoz\u0119 pogody zawody w Lubinie zosta\u0142y przeniesione na 21.09.2024<\/p>\n\n\n\n<p><strong>ze wzgl\u0119du na bardzo trudn\u0105 sytuacj\u0119 powodziow\u0105 zawody w NYSIE zosta\u0142y ODWO\u0141ANE<\/strong><\/p>\n<\/div><\/div>\n\n\n\n<p class=\"has-text-align-center has-vivid-red-color has-white-background-color has-text-color has-background has-large-font-size\"><a href=\"http:\/\/test.comaq.pl\/tabela.html\" target=\"_blank\" rel=\"noreferrer noopener\"><strong>WYNIKI<\/strong> NA \u017bYWO<\/a><\/p>\n\n\n\n<figure class=\"wp-block-table is-style-stripes\" style=\"font-size:10px\"><table class=\"has-white-background-color has-background\"><thead><tr><th class=\"has-text-align-center\" data-align=\"center\">Runda<\/th><th class=\"has-text-align-center\" data-align=\"center\">Lokalizacja<\/th><th class=\"has-text-align-center\" data-align=\"center\">Data<\/th><th class=\"has-text-align-center\" data-align=\"center\">Biuro zawod\u00f3w<\/th><th class=\"has-text-align-center\" data-align=\"center\">Treningi \/ Start<\/th><th class=\"has-text-align-center\" data-align=\"center\">Start KIDS<\/th><th class=\"has-text-align-center\" data-align=\"center\">Zapisy<\/th><th class=\"has-text-align-center\" data-align=\"center\">Lista startowa<\/th><th class=\"has-text-align-center\" data-align=\"center\">Wyniki ko\u0144cowe<\/th><\/tr><\/thead><tbody><tr><td class=\"has-text-align-center\" data-align=\"center\">#1<\/td><td class=\"has-text-align-center\" data-align=\"center\">LUBIN<br>ul. Konstytucji 3 Maja<\/td><td class=\"has-text-align-center\" data-align=\"center\">Uwaga NOWY TERMIN<br>2024.09.21<\/td><td class=\"has-text-align-center\" data-align=\"center\">10:00-12:00<\/td><td class=\"has-text-align-center\" data-align=\"center\">10:30 \/ 12:45<\/td><td class=\"has-text-align-center\" data-align=\"center\">16:00<\/td><td class=\"has-text-align-center\" data-align=\"center\"><a href=\"https:\/\/dostartu.pl\/nie-pompujesz-nie-jedziesz-for-fun-1-v12815\" target=\"_blank\" rel=\"noreferrer noopener\">ZAPISY<\/a><\/td><td class=\"has-text-align-center\" data-align=\"center\"><a href=\"https:\/\/rewosport.pl\/wp-content\/uploads\/2024\/09\/2024.09.21.NPNJ_.Lubin_.lista_.startowa.pdf\" target=\"_blank\" rel=\"noreferrer noopener\">LISTA STARTOWA<\/a><\/td><td class=\"has-text-align-center\" data-align=\"center\"><a href=\"https:\/\/rewosport.pl\/wp-content\/uploads\/2024\/09\/2024.09.21.NPNJ_.Lubin_.wyniki.pdf\" target=\"_blank\" rel=\"noreferrer noopener\">WYNIKI<\/a><br><br><a href=\"https:\/\/rewosport.pl\/wp-content\/uploads\/2024\/09\/2024.09.21.NPNJ_.Lubin_.wyniki.KIDS_.pdf\" target=\"_blank\" rel=\"noreferrer noopener\">WYNIKI KIDS<\/a><\/td><\/tr><tr><td class=\"has-text-align-center\" data-align=\"center\">#2<\/td><td class=\"has-text-align-center\" data-align=\"center\">NYSA<br>Aleja Wojska Polskiego<\/td><td class=\"has-text-align-center\" data-align=\"center\"><s>2024.09.22<\/s><br><br><strong>ZAWODY ODWO\u0141ANE<\/strong><\/td><td class=\"has-text-align-center\" data-align=\"center\">10:00-12:00<\/td><td class=\"has-text-align-center\" data-align=\"center\">10:30 \/ 12:45<\/td><td class=\"has-text-align-center\" data-align=\"center\">16:00<\/td><td class=\"has-text-align-center\" data-align=\"center\"><a href=\"https:\/\/dostartu.pl\/nie-pompujesz-nie-jedziesz-for-fun-2-v12816\" target=\"_blank\" rel=\"noreferrer noopener\">ZAPISY<\/a><\/td><td class=\"has-text-align-center\" data-align=\"center\">LISTA STARTOWA<\/td><td class=\"has-text-align-center\" data-align=\"center\">WYNIKI<\/td><\/tr><\/tbody><\/table><\/figure>\n\n\n\n<p class=\"has-text-align-center has-vivid-red-color has-text-color has-medium-font-size\"><a href=\"https:\/\/rewosport.pl\/wp-content\/uploads\/2024\/09\/REGULAMIN-NIE-POMPUJESZ-NIE-JEDZIESZ-For-Fun.pdf\" target=\"_blank\" rel=\"noreferrer noopener\"><strong>REGULAMIN<\/strong> (pdf)<\/a><\/p>\n\n\n\n<p class=\"has-text-align-center has-vivid-red-color has-text-color has-medium-font-size\"><a href=\"https:\/\/rewosport.pl\/wp-content\/uploads\/2024\/09\/Zgoda-rodzica.pdf\" target=\"_blank\" rel=\"noreferrer noopener\"><strong>ZGODA RODZICA \/ OPIEKUNA PRAWNEGO (pdf)<\/strong> <br><\/a>[pobierz, wydrukuj, wype\u0142nij i zabierz do biura zawod\u00f3w]<\/p>\n\n\n\n<p class=\"has-text-align-center\"><strong>OP\u0141ATA STARTOWA<\/strong> &#8211; zawody s\u0105 bezp\u0142atne<\/p>\n\n\n\n<p class=\"has-text-align-center\"><strong>LIMIT UCZESTNIK\u00d3W<\/strong> &#8211; 110 os\u00f3b<\/p>\n\n\n\n<p class=\"has-text-align-center\"><strong>KATEGORIE<\/strong>:<br>OPEN \u2013 kategoria otwarta bez ogranicze\u0144 wiekowych<br>KOBIETY \u2013 otwarta kategoria dla kobiet bez podzia\u0142u na wiek<br>MASTERS \u2013 zawodnicy od rocznika 1989 z podzia\u0142em na p\u0142e\u0107<br>KIDS \u2013 zawodnicy w wieku od 4 do 9 lat z podzia\u0142em na p\u0142e\u0107<br>KIDS BIEG\u00d3WKA \u2013 zawodnicy na rowerkach biegowych do 8 lat bez podzia\u0142u na p\u0142e\u0107<br>JUNIOR \u2013 zawodnicy w wieku od 10 do 13 lat z podzia\u0142em na p\u0142e\u0107<\/p>\n\n\n\n<p class=\"has-text-align-center\"><strong>ZASADY STARTU<br><\/strong>&#8211; Startujemy z wyznaczonego pola (\u017c\u00f3\u0142ty kwadrat)<br>&#8211; Peda\u0142owanie mo\u017cliwe na ca\u0142ym torze (wg zasad UCI)<br>&#8211; Obowi\u0105zkowy kask Full Face \u2013 je\u017celi nie masz swojego, otrzymasz taki na czas startu i trening\u00f3w w wy\u015bcigu od FOX Polska (zarezerwuje rozmiar w biurze zawod\u00f3w)<br>&#8211; Obowi\u0105zkowy hamulec i peda\u0142y platformowe<br>&#8211; Numer startowy zawieszamy z przodu kierownicy w widoczny dla obs\u0142ugi spos\u00f3b<\/p>\n\n\n\n<p class=\"has-text-align-center\"><strong>TRENING<\/strong><br>Treningi przed zawodami odbywaj\u0105 si\u0119 wg podzia\u0142u na kategorie.<br>Przed ka\u017cd\u0105 rund\u0105 podawany jest harmonogram treningowych przejazd\u00f3w<\/p>\n\n\n\n<p class=\"has-text-align-center\"><strong>RYWALIZACJA<\/strong><br>Ka\u017cdy ma dwie pr\u00f3by. Pod uwag\u0119 brany jest lepszy czas. &nbsp;<\/p>\n\n\n\n<p class=\"has-text-align-center\"><strong>HARMONOGRAM<\/strong><br>otwarcie biura 10:00, start trening\u00f3w 10:30, start zawod\u00f3w: 12:45, start kategorii kids oko\u0142o 16:00<\/p>\n","protected":false},"excerpt":{"rendered":"<p>ORGANIZATOR CYKLU: SFERA SPORTUWydarzenie wsp\u00f3\u0142finansowane z bud\u017cetu Ministerstwa Sportu i Turystyki Strona zawod\u00f3w: pompuje.pl &amp; fb.com\/pompuje UWAGA: zawody nie s\u0105 wliczane do klasyfikacji generalnej cyklu Nie Pompujesz Nie Jedziesz! ze wzgl\u0119du na bardzo niekorzystn\u0105 prognoz\u0119 pogody zawody w Lubinie zosta\u0142y przeniesione na 21.09.2024 ze wzgl\u0119du na bardzo trudn\u0105 sytuacj\u0119 powodziow\u0105 zawody w NYSIE zosta\u0142y ODWO\u0141ANE&hellip; <br \/> <a class=\"read-more\" href=\"https:\/\/rewosport.pl\/?page_id=3401\">Dowiedz si\u0119 wi\u0119cej<\/a><\/p>\n","protected":false},"author":2,"featured_media":1884,"parent":0,"menu_order":0,"comment_status":"closed","ping_status":"closed","template":"","meta":{"footnotes":""},"class_list":["post-3401","page","type-page","status-publish","has-post-thumbnail","hentry"],"yoast_head":"<!-- This site is optimized with the Yoast SEO plugin v27.4 - https:\/\/yoast.com\/product\/yoast-seo-wordpress\/ -->\n<title>2024.09 - Nie Pompujesz - Nie Jedziesz - FOR FUN - pomiar czasu - chipy, fotokom\u00f3rki - zawody sportowe, obozy sportowe<\/title>\n<meta name=\"robots\" content=\"index, follow, max-snippet:-1, max-image-preview:large, max-video-preview:-1\" \/>\n<link rel=\"canonical\" href=\"https:\/\/rewosport.pl\/?page_id=3401\" \/>\n<meta property=\"og:locale\" content=\"pl_PL\" \/>\n<meta property=\"og:type\" content=\"article\" \/>\n<meta property=\"og:title\" content=\"2024.09 - Nie Pompujesz - Nie Jedziesz - FOR FUN - pomiar czasu - chipy, fotokom\u00f3rki - zawody sportowe, obozy sportowe\" \/>\n<meta property=\"og:description\" content=\"ORGANIZATOR CYKLU: SFERA SPORTUWydarzenie wsp\u00f3\u0142finansowane z bud\u017cetu Ministerstwa Sportu i Turystyki Strona zawod\u00f3w: pompuje.pl &amp; fb.com\/pompuje UWAGA: zawody nie s\u0105 wliczane do klasyfikacji generalnej cyklu Nie Pompujesz Nie Jedziesz! ze wzgl\u0119du na bardzo niekorzystn\u0105 prognoz\u0119 pogody zawody w Lubinie zosta\u0142y przeniesione na 21.09.2024 ze wzgl\u0119du na bardzo trudn\u0105 sytuacj\u0119 powodziow\u0105 zawody w NYSIE zosta\u0142y ODWO\u0141ANE&hellip; Dowiedz si\u0119 wi\u0119cej\" \/>\n<meta property=\"og:url\" content=\"https:\/\/rewosport.pl\/?page_id=3401\" \/>\n<meta property=\"og:site_name\" content=\"pomiar czasu - chipy, fotokom\u00f3rki - zawody sportowe, obozy sportowe\" \/>\n<meta property=\"article:modified_time\" content=\"2024-09-21T14:50:17+00:00\" \/>\n<meta property=\"og:image\" content=\"https:\/\/rewosport.pl\/wp-content\/uploads\/2022\/06\/IMG_20220612_133855-scaled.jpg\" \/>\n\t<meta property=\"og:image:width\" content=\"2560\" \/>\n\t<meta property=\"og:image:height\" content=\"1920\" \/>\n\t<meta property=\"og:image:type\" content=\"image\/jpeg\" \/>\n<meta name=\"twitter:card\" content=\"summary_large_image\" \/>\n<meta name=\"twitter:label1\" content=\"Szacowany czas czytania\" \/>\n\t<meta name=\"twitter:data1\" content=\"3 minuty\" \/>\n<script type=\"application\/ld+json\" class=\"yoast-schema-graph\">{\"@context\":\"https:\\\/\\\/schema.org\",\"@graph\":[{\"@type\":\"WebPage\",\"@id\":\"https:\\\/\\\/rewosport.pl\\\/?page_id=3401\",\"url\":\"https:\\\/\\\/rewosport.pl\\\/?page_id=3401\",\"name\":\"2024.09 - Nie Pompujesz - Nie Jedziesz - FOR FUN - pomiar czasu - chipy, fotokom\u00f3rki - zawody sportowe, obozy sportowe\",\"isPartOf\":{\"@id\":\"https:\\\/\\\/rewosport.pl\\\/#website\"},\"primaryImageOfPage\":{\"@id\":\"https:\\\/\\\/rewosport.pl\\\/?page_id=3401#primaryimage\"},\"image\":{\"@id\":\"https:\\\/\\\/rewosport.pl\\\/?page_id=3401#primaryimage\"},\"thumbnailUrl\":\"https:\\\/\\\/rewosport.pl\\\/wp-content\\\/uploads\\\/2022\\\/06\\\/IMG_20220612_133855-scaled.jpg\",\"datePublished\":\"2024-09-02T18:57:49+00:00\",\"dateModified\":\"2024-09-21T14:50:17+00:00\",\"breadcrumb\":{\"@id\":\"https:\\\/\\\/rewosport.pl\\\/?page_id=3401#breadcrumb\"},\"inLanguage\":\"pl-PL\",\"potentialAction\":[{\"@type\":\"ReadAction\",\"target\":[\"https:\\\/\\\/rewosport.pl\\\/?page_id=3401\"]}]},{\"@type\":\"ImageObject\",\"inLanguage\":\"pl-PL\",\"@id\":\"https:\\\/\\\/rewosport.pl\\\/?page_id=3401#primaryimage\",\"url\":\"https:\\\/\\\/rewosport.pl\\\/wp-content\\\/uploads\\\/2022\\\/06\\\/IMG_20220612_133855-scaled.jpg\",\"contentUrl\":\"https:\\\/\\\/rewosport.pl\\\/wp-content\\\/uploads\\\/2022\\\/06\\\/IMG_20220612_133855-scaled.jpg\",\"width\":2560,\"height\":1920},{\"@type\":\"BreadcrumbList\",\"@id\":\"https:\\\/\\\/rewosport.pl\\\/?page_id=3401#breadcrumb\",\"itemListElement\":[{\"@type\":\"ListItem\",\"position\":1,\"name\":\"Home\",\"item\":\"https:\\\/\\\/rewosport.pl\\\/\"},{\"@type\":\"ListItem\",\"position\":2,\"name\":\"2024.09 &#8211; Nie Pompujesz &#8211; Nie Jedziesz &#8211; FOR FUN\"}]},{\"@type\":\"WebSite\",\"@id\":\"https:\\\/\\\/rewosport.pl\\\/#website\",\"url\":\"https:\\\/\\\/rewosport.pl\\\/\",\"name\":\"pomiar czasu - chipy, fotokom\u00f3rki - zawody sportowe, obozy sportowe\",\"description\":\"elektroniczny pomiar czasu na zawodach sportowych - chipy, fotokom\u00f3rki; organizator zawod\u00f3w sportowych - biegowych, rowerowych, oboz\u00f3w sportowych,\",\"publisher\":{\"@id\":\"https:\\\/\\\/rewosport.pl\\\/#organization\"},\"potentialAction\":[{\"@type\":\"SearchAction\",\"target\":{\"@type\":\"EntryPoint\",\"urlTemplate\":\"https:\\\/\\\/rewosport.pl\\\/?s={search_term_string}\"},\"query-input\":{\"@type\":\"PropertyValueSpecification\",\"valueRequired\":true,\"valueName\":\"search_term_string\"}}],\"inLanguage\":\"pl-PL\"},{\"@type\":\"Organization\",\"@id\":\"https:\\\/\\\/rewosport.pl\\\/#organization\",\"name\":\"pomiar czasu - chipy, fotokom\u00f3rki - zawody sportowe, obozy sportowe\",\"url\":\"https:\\\/\\\/rewosport.pl\\\/\",\"logo\":{\"@type\":\"ImageObject\",\"inLanguage\":\"pl-PL\",\"@id\":\"https:\\\/\\\/rewosport.pl\\\/#\\\/schema\\\/logo\\\/image\\\/\",\"url\":\"https:\\\/\\\/rewosport.pl\\\/wp-content\\\/uploads\\\/2020\\\/07\\\/logo_rewosport.png\",\"contentUrl\":\"https:\\\/\\\/rewosport.pl\\\/wp-content\\\/uploads\\\/2020\\\/07\\\/logo_rewosport.png\",\"width\":346,\"height\":200,\"caption\":\"pomiar czasu - chipy, fotokom\u00f3rki - zawody sportowe, obozy sportowe\"},\"image\":{\"@id\":\"https:\\\/\\\/rewosport.pl\\\/#\\\/schema\\\/logo\\\/image\\\/\"}}]}<\/script>\n<!-- \/ Yoast SEO plugin. -->","yoast_head_json":{"title":"2024.09 - Nie Pompujesz - Nie Jedziesz - FOR FUN - pomiar czasu - chipy, fotokom\u00f3rki - zawody sportowe, obozy sportowe","robots":{"index":"index","follow":"follow","max-snippet":"max-snippet:-1","max-image-preview":"max-image-preview:large","max-video-preview":"max-video-preview:-1"},"canonical":"https:\/\/rewosport.pl\/?page_id=3401","og_locale":"pl_PL","og_type":"article","og_title":"2024.09 - Nie Pompujesz - Nie Jedziesz - FOR FUN - pomiar czasu - chipy, fotokom\u00f3rki - zawody sportowe, obozy sportowe","og_description":"ORGANIZATOR CYKLU: SFERA SPORTUWydarzenie wsp\u00f3\u0142finansowane z bud\u017cetu Ministerstwa Sportu i Turystyki Strona zawod\u00f3w: pompuje.pl &amp; fb.com\/pompuje UWAGA: zawody nie s\u0105 wliczane do klasyfikacji generalnej cyklu Nie Pompujesz Nie Jedziesz! ze wzgl\u0119du na bardzo niekorzystn\u0105 prognoz\u0119 pogody zawody w Lubinie zosta\u0142y przeniesione na 21.09.2024 ze wzgl\u0119du na bardzo trudn\u0105 sytuacj\u0119 powodziow\u0105 zawody w NYSIE zosta\u0142y ODWO\u0141ANE&hellip; Dowiedz si\u0119 wi\u0119cej","og_url":"https:\/\/rewosport.pl\/?page_id=3401","og_site_name":"pomiar czasu - chipy, fotokom\u00f3rki - zawody sportowe, obozy sportowe","article_modified_time":"2024-09-21T14:50:17+00:00","og_image":[{"width":2560,"height":1920,"url":"https:\/\/rewosport.pl\/wp-content\/uploads\/2022\/06\/IMG_20220612_133855-scaled.jpg","type":"image\/jpeg"}],"twitter_card":"summary_large_image","twitter_misc":{"Szacowany czas czytania":"3 minuty"},"schema":{"@context":"https:\/\/schema.org","@graph":[{"@type":"WebPage","@id":"https:\/\/rewosport.pl\/?page_id=3401","url":"https:\/\/rewosport.pl\/?page_id=3401","name":"2024.09 - Nie Pompujesz - Nie Jedziesz - FOR FUN - pomiar czasu - chipy, fotokom\u00f3rki - zawody sportowe, obozy sportowe","isPartOf":{"@id":"https:\/\/rewosport.pl\/#website"},"primaryImageOfPage":{"@id":"https:\/\/rewosport.pl\/?page_id=3401#primaryimage"},"image":{"@id":"https:\/\/rewosport.pl\/?page_id=3401#primaryimage"},"thumbnailUrl":"https:\/\/rewosport.pl\/wp-content\/uploads\/2022\/06\/IMG_20220612_133855-scaled.jpg","datePublished":"2024-09-02T18:57:49+00:00","dateModified":"2024-09-21T14:50:17+00:00","breadcrumb":{"@id":"https:\/\/rewosport.pl\/?page_id=3401#breadcrumb"},"inLanguage":"pl-PL","potentialAction":[{"@type":"ReadAction","target":["https:\/\/rewosport.pl\/?page_id=3401"]}]},{"@type":"ImageObject","inLanguage":"pl-PL","@id":"https:\/\/rewosport.pl\/?page_id=3401#primaryimage","url":"https:\/\/rewosport.pl\/wp-content\/uploads\/2022\/06\/IMG_20220612_133855-scaled.jpg","contentUrl":"https:\/\/rewosport.pl\/wp-content\/uploads\/2022\/06\/IMG_20220612_133855-scaled.jpg","width":2560,"height":1920},{"@type":"BreadcrumbList","@id":"https:\/\/rewosport.pl\/?page_id=3401#breadcrumb","itemListElement":[{"@type":"ListItem","position":1,"name":"Home","item":"https:\/\/rewosport.pl\/"},{"@type":"ListItem","position":2,"name":"2024.09 &#8211; Nie Pompujesz &#8211; Nie Jedziesz &#8211; FOR FUN"}]},{"@type":"WebSite","@id":"https:\/\/rewosport.pl\/#website","url":"https:\/\/rewosport.pl\/","name":"pomiar czasu - chipy, fotokom\u00f3rki - zawody sportowe, obozy sportowe","description":"elektroniczny pomiar czasu na zawodach sportowych - chipy, fotokom\u00f3rki; organizator zawod\u00f3w sportowych - biegowych, rowerowych, oboz\u00f3w sportowych,","publisher":{"@id":"https:\/\/rewosport.pl\/#organization"},"potentialAction":[{"@type":"SearchAction","target":{"@type":"EntryPoint","urlTemplate":"https:\/\/rewosport.pl\/?s={search_term_string}"},"query-input":{"@type":"PropertyValueSpecification","valueRequired":true,"valueName":"search_term_string"}}],"inLanguage":"pl-PL"},{"@type":"Organization","@id":"https:\/\/rewosport.pl\/#organization","name":"pomiar czasu - chipy, fotokom\u00f3rki - zawody sportowe, obozy sportowe","url":"https:\/\/rewosport.pl\/","logo":{"@type":"ImageObject","inLanguage":"pl-PL","@id":"https:\/\/rewosport.pl\/#\/schema\/logo\/image\/","url":"https:\/\/rewosport.pl\/wp-content\/uploads\/2020\/07\/logo_rewosport.png","contentUrl":"https:\/\/rewosport.pl\/wp-content\/uploads\/2020\/07\/logo_rewosport.png","width":346,"height":200,"caption":"pomiar czasu - chipy, fotokom\u00f3rki - zawody sportowe, obozy sportowe"},"image":{"@id":"https:\/\/rewosport.pl\/#\/schema\/logo\/image\/"}}]}},"_links":{"self":[{"href":"https:\/\/rewosport.pl\/index.php?rest_route=\/wp\/v2\/pages\/3401","targetHints":{"allow":["GET"]}}],"collection":[{"href":"https:\/\/rewosport.pl\/index.php?rest_route=\/wp\/v2\/pages"}],"about":[{"href":"https:\/\/rewosport.pl\/index.php?rest_route=\/wp\/v2\/types\/page"}],"author":[{"embeddable":true,"href":"https:\/\/rewosport.pl\/index.php?rest_route=\/wp\/v2\/users\/2"}],"replies":[{"embeddable":true,"href":"https:\/\/rewosport.pl\/index.php?rest_route=%2Fwp%2Fv2%2Fcomments&post=3401"}],"version-history":[{"count":14,"href":"https:\/\/rewosport.pl\/index.php?rest_route=\/wp\/v2\/pages\/3401\/revisions"}],"predecessor-version":[{"id":3484,"href":"https:\/\/rewosport.pl\/index.php?rest_route=\/wp\/v2\/pages\/3401\/revisions\/3484"}],"wp:featuredmedia":[{"embeddable":true,"href":"https:\/\/rewosport.pl\/index.php?rest_route=\/wp\/v2\/media\/1884"}],"wp:attachment":[{"href":"https:\/\/rewosport.pl\/index.php?rest_route=%2Fwp%2Fv2%2Fmedia&parent=3401"}],"curies":[{"name":"wp","href":"https:\/\/api.w.org\/{rel}","templated":true}]}}